{"id":669,"date":"2023-11-13T00:07:20","date_gmt":"2023-11-12T23:07:20","guid":{"rendered":"http:\/\/977.ablak.arnes.si\/?page_id=669"},"modified":"2024-02-05T09:29:44","modified_gmt":"2024-02-05T08:29:44","slug":"pravice-in-dolznosti-otrok-in-starsev","status":"publish","type":"page","link":"https:\/\/vrtec-sezana.si\/?page_id=669","title":{"rendered":"PRAVICE IN DOL\u017dNOSTI OTROK IN STAR\u0160EV"},"content":{"rendered":"\n<div style=\"height:100px\" aria-hidden=\"true\" class=\"wp-block-spacer\"><\/div>\n\n\n\n<h2 class=\"wp-block-heading\">PRAVICE IN DOL\u017dNOSTI OTROK IN STAR\u0160EV<\/h2>\n\n\n\n<div style=\"height:50px\" aria-hidden=\"true\" class=\"wp-block-spacer\"><\/div>\n\n\n\n<p>Vrtec je institucija, ki mora skrbeti za uresni\u010denje temeljnih otrokovih pravic. Otrokove pravice zastopajo star\u0161i oz. njihovi zakoniti zastopniki.<br><strong>Konvencija<\/strong>&nbsp;o otrokovih pravicah je temeljni dokument, ki uravnava na\u0161e delo z otroki.<\/p>\n\n\n\n<p><strong>Otroci imajo pravico:<\/strong><\/p>\n\n\n\n<ol>\n<li>da jim dr\u017eava zagotavlja mo\u017enosti za optimalen razvoj, ne glede na spol, socialno in kulturno poreklo, veroizpoved, narodno pripadnost, telesno in du\u0161evno konstitucijo,<\/li>\n\n\n\n<li>do enakih mo\u017enosti z upo\u0161tevanjem razlik,<\/li>\n\n\n\n<li>do izbire in druga\u010dnosti, ki jo mora omogo\u010diti organizacija \u017eivljenja in dela v vrtcu,<\/li>\n\n\n\n<li>do vzgoje in strpnosti, solidarnosti in odgovornosti,<\/li>\n\n\n\n<li>do svetovnonazorske nevtralne vzgoje,<\/li>\n\n\n\n<li>do postopnega razvijanja kriti\u010dnega duha, osebnih odlo\u010ditev in avtonomne presoje.<\/li>\n<\/ol>\n\n\n\n<p>&nbsp;<strong>Star\u0161i imajo pravico:<\/strong><\/p>\n\n\n\n<ol>\n<li>do vpogleda v program za skupino, v kateri je otrok,<\/li>\n\n\n\n<li>do obve\u0161\u010denosti o \u017eivljenju in delu v vrtcu,<\/li>\n\n\n\n<li>do za\u0161\u010dite osebnosti, s poudarkom na osebnih podatkih,<\/li>\n\n\n\n<li>do sodelovanja pri na\u010drtovanju in organiziranju \u017eivljenja in dela v vrtcu in skupini,<\/li>\n\n\n\n<li>do soodlo\u010danja v okviru pristojnosti,<\/li>\n\n\n\n<li>da so prisotni pri vzgojnem procesu po dogovoru z vzgojiteljico,<\/li>\n\n\n\n<li>do petdnevnega brezpla\u010dnega uvajanja otroka pred vstopom v vrtec.<\/li>\n<\/ol>\n\n\n\n<p><strong>Obveznosti star\u0161ev:<\/strong><\/p>\n\n\n\n<ol>\n<li>da se seznanijo z organiziranostjo in delavci vrtca;<\/li>\n\n\n\n<li>da podpi\u0161ejo pogodbo o dolo\u010ditvi medsebojnih pravic in obveznosti star\u0161ev in vrtca;<\/li>\n\n\n\n<li>da redno izpolnjujejo vse obveznosti (pla\u010devanje oskrbnine \u2026);<\/li>\n\n\n\n<li>da ob vstopu otroka predlo\u017eijo vzgojiteljici potrdilo pediatra o zdravstvenem stanju otroka;<\/li>\n\n\n\n<li>da seznanijo vzgojiteljico s spremembami podatkov, ki jih potrebuje v korist otroka (telefon, naslov);<\/li>\n<\/ol>\n","protected":false},"excerpt":{"rendered":"<p>PRAVICE IN DOL\u017dNOSTI OTROK IN STAR\u0160EV Vrtec je institucija, ki mora skrbeti za uresni\u010denje temeljnih otrokovih pravic. Otrokove pravice zastopajo star\u0161i oz. njihovi zakoniti zastopniki.Konvencija&nbsp;o otrokovih pravicah je temeljni dokument, ki uravnava na\u0161e delo z otroki. Otroci imajo pravico: &nbsp;Star\u0161i imajo pravico:&#8230;<\/p>\n","protected":false},"author":1,"featured_media":0,"parent":0,"menu_order":0,"comment_status":"closed","ping_status":"closed","template":"","meta":{"footnotes":""},"_links":{"self":[{"href":"https:\/\/vrtec-sezana.si\/index.php?rest_route=\/wp\/v2\/pages\/669"}],"collection":[{"href":"https:\/\/vrtec-sezana.si\/index.php?rest_route=\/wp\/v2\/pages"}],"about":[{"href":"https:\/\/vrtec-sezana.si\/index.php?rest_route=\/wp\/v2\/types\/page"}],"author":[{"embeddable":true,"href":"https:\/\/vrtec-sezana.si\/index.php?rest_route=\/wp\/v2\/users\/1"}],"replies":[{"embeddable":true,"href":"https:\/\/vrtec-sezana.si\/index.php?rest_route=%2Fwp%2Fv2%2Fcomments&post=669"}],"version-history":[{"count":6,"href":"https:\/\/vrtec-sezana.si\/index.php?rest_route=\/wp\/v2\/pages\/669\/revisions"}],"predecessor-version":[{"id":5782,"href":"https:\/\/vrtec-sezana.si\/index.php?rest_route=\/wp\/v2\/pages\/669\/revisions\/5782"}],"wp:attachment":[{"href":"https:\/\/vrtec-sezana.si\/index.php?rest_route=%2Fwp%2Fv2%2Fmedia&parent=669"}],"curies":[{"name":"wp","href":"https:\/\/api.w.org\/{rel}","templated":true}]}}

PRAVICE IN DOLŽNOSTI OTROK IN STARŠEV

<div style="height:100px" aria-hidden="true" class="wp-block-spacer"></div>



<h2 class="wp-block-heading">PRAVICE IN DOLŽNOSTI OTROK IN STARŠEV</h2>



<div style="height:50px" aria-hidden="true" class="wp-block-spacer"></div>



<p>Vrtec je institucija, ki mora skrbeti za uresničenje temeljnih otrokovih pravic. Otrokove pravice zastopajo starši oz. njihovi zakoniti zastopniki.<br><strong>Konvencija</strong>&nbsp;o otrokovih pravicah je temeljni dokument, ki uravnava naše delo z otroki.</p>



<p><strong>Otroci imajo pravico:</strong></p>



<ol>
<li>da jim država zagotavlja možnosti za optimalen razvoj, ne glede na spol, socialno in kulturno poreklo, veroizpoved, narodno pripadnost, telesno in duševno konstitucijo,</li>



<li>do enakih možnosti z upoštevanjem razlik,</li>



<li>do izbire in drugačnosti, ki jo mora omogočiti organizacija življenja in dela v vrtcu,</li>



<li>do vzgoje in strpnosti, solidarnosti in odgovornosti,</li>



<li>do svetovnonazorske nevtralne vzgoje,</li>



<li>do postopnega razvijanja kritičnega duha, osebnih odločitev in avtonomne presoje.</li>
</ol>



<p>&nbsp;<strong>Starši imajo pravico:</strong></p>



<ol>
<li>do vpogleda v program za skupino, v kateri je otrok,</li>



<li>do obveščenosti o življenju in delu v vrtcu,</li>



<li>do zaščite osebnosti, s poudarkom na osebnih podatkih,</li>



<li>do sodelovanja pri načrtovanju in organiziranju življenja in dela v vrtcu in skupini,</li>



<li>do soodločanja v okviru pristojnosti,</li>



<li>da so prisotni pri vzgojnem procesu po dogovoru z vzgojiteljico,</li>



<li>do petdnevnega brezplačnega uvajanja otroka pred vstopom v vrtec.</li>
</ol>



<p><strong>Obveznosti staršev:</strong></p>



<ol>
<li>da se seznanijo z organiziranostjo in delavci vrtca;</li>



<li>da podpišejo pogodbo o določitvi medsebojnih pravic in obveznosti staršev in vrtca;</li>



<li>da redno izpolnjujejo vse obveznosti (plačevanje oskrbnine …);</li>



<li>da ob vstopu otroka predložijo vzgojiteljici potrdilo pediatra o zdravstvenem stanju otroka;</li>



<li>da seznanijo vzgojiteljico s spremembami podatkov, ki jih potrebuje v korist otroka (telefon, naslov);</li>
</ol>

<p>PRAVICE IN DOLŽNOSTI OTROK IN STARŠEV Vrtec je institucija, ki mora skrbeti za uresničenje temeljnih otrokovih pravic. Otrokove pravice zastopajo starši oz. njihovi zakoniti zastopniki.Konvencija&nbsp;o otrokovih pravicah je temeljni dokument, ki uravnava naše delo z otroki. Otroci imajo pravico: &nbsp;Starši imajo pravico:&#8230;</p>
