{"id":4990,"date":"2024-01-29T10:36:47","date_gmt":"2024-01-29T09:36:47","guid":{"rendered":"http:\/\/977.ablak.arnes.si\/?page_id=4990"},"modified":"2024-02-21T14:00:06","modified_gmt":"2024-02-21T13:00:06","slug":"nekaj-vec-o-vrtcu","status":"publish","type":"page","link":"https:\/\/vrtec-sezana.si\/?page_id=4990","title":{"rendered":"Nekaj ve\u010d o vrtcu"},"content":{"rendered":"\n<div style=\"height:100px\" aria-hidden=\"true\" class=\"wp-block-spacer\"><\/div>\n\n\n\n<h2 class=\"wp-block-heading\">NEKAJ VE\u010c O VRTCU<\/h2>\n\n\n\n<div style=\"height:50px\" aria-hidden=\"true\" class=\"wp-block-spacer\"><\/div>\n\n\n\n<div class=\"wp-block-columns is-layout-flex wp-container-3 wp-block-columns-is-layout-flex\">\n<div class=\"wp-block-column is-layout-flow wp-block-column-is-layout-flow\" style=\"flex-basis:66.66%\">\n<p>Vrtec Se\u017eana je del mre\u017ee javnih vrtcev, ki so ga za namen izvajanja vzgoje in izobra\u017eevanja pred\u0161olskih otrok ustanovile \u0161tiri ob\u010dine: OB\u010cINA DIVA\u010cA, OB\u010cINA HRPELJE \u2013 KOZINA, OB\u010cINA KOMEN in OB\u010cINA SE\u017dANA.<\/p>\n\n\n\n<p>Vrtec Se\u017eana je samostojen javni zavod za pred\u0161olsko vzgojo in opravlja javno veljavni program za pred\u0161olske otroke. Program je sprejet na na\u010din in po postopku, kot je dolo\u010deno z zakonom. Strokovna podlaga za vzgojno-izobra\u017eevalno delo v vrtcu je Kurikulum za vrtce. To je nacionalni dokument, ki je bil sprejet marca 1999 na Strokovnem svetu RS za splo\u0161no izobra\u017eevanje.<\/p>\n\n\n\n<p>Dav\u010dna \u0161tevilka SI: 93785046<br>Mati\u010dna: 5210437000<br>Zavezanec za DDV: Da (SI93785046)<br>TRR: SI56 0110 0600 8334 360<\/p>\n<\/div>\n\n\n\n<div class=\"wp-block-column is-layout-flow wp-block-column-is-layout-flow\" style=\"flex-basis:33.33%\">\n<figure class=\"wp-block-image size-large is-resized\"><img decoding=\"async\" loading=\"lazy\" width=\"768\" height=\"1024\" src=\"http:\/\/977.ablak.arnes.si\/wp-content\/uploads\/2024\/01\/1706267713665-1-768x1024.jpg\" alt=\"\" class=\"wp-image-5356\" style=\"aspect-ratio:0.75;width:154px;height:auto\" srcset=\"https:\/\/vrtec-sezana.si\/wp-content\/uploads\/2024\/01\/1706267713665-1-768x1024.jpg 768w, https:\/\/vrtec-sezana.si\/wp-content\/uploads\/2024\/01\/1706267713665-1-225x300.jpg 225w, https:\/\/vrtec-sezana.si\/wp-content\/uploads\/2024\/01\/1706267713665-1-1152x1536.jpg 1152w, https:\/\/vrtec-sezana.si\/wp-content\/uploads\/2024\/01\/1706267713665-1-1536x2048.jpg 1536w, https:\/\/vrtec-sezana.si\/wp-content\/uploads\/2024\/01\/1706267713665-1-scaled.jpg 1920w\" sizes=\"(max-width: 768px) 100vw, 768px\" \/><\/figure>\n<\/div>\n<\/div>\n\n\n\n<div style=\"height:25px\" aria-hidden=\"true\" class=\"wp-block-spacer\"><\/div>\n\n\n\n<p><strong>Pred\u0161olska vzgoja v vrtcih poteka v dveh starostnih obdobjih:<\/strong><\/p>\n\n\n\n<ul>\n<li>prvo starostno obdobje: otroci v starosti od enega do treh let<\/li>\n\n\n\n<li>drugo starostno obdobje: otroci v starosti od treh let do vstopa v \u0161olo<\/li>\n<\/ul>\n\n\n\n<p>Vrtec Se\u017eana izvaja dejavnost od ponedeljka do petka vse leto, razen v enotah Tomaj, Povir in Materija, ki so v \u010dasu \u0161olskih po\u010ditnic zaprte.<br>Delo na\u010drtujemo za vse dneve v letu, tudi v \u010dasu \u0161olskih po\u010ditnic. V vseh enotah vsi zaposleni skrbimo za dobro po\u010dutje otrok, prav tako pa skrbimo tudi za njihovo varnost in jim ponujamo raznovrstne izku\u0161nje ter znanja za njihov optimalen razvoj. Na\u0161e strokovno delo je naravnano tako, da je v njem opa\u017een vsak otrok in da pridobiva na samozavesti ter pozitivni samopodobi.<\/p>\n\n\n\n<div style=\"height:50px\" aria-hidden=\"true\" class=\"wp-block-spacer\"><\/div>\n\n\n\n<p>Vrtec Se\u017eana izvaja vzgojno izobra\u017eevalno delo v 12 enotah, ki so v razli\u010dnih krajih, z razli\u010dnim \u0161tevilom oddelkov in otrok, v starosti od enega leta do vstopa otrok v \u0161olo.<br>Vsaka enota \u017eivi kot organizacijska celota, s posebnostmi in se povezuje s svojim okoljem.<\/p>\n\n\n\n<div class=\"wp-block-columns is-layout-flex wp-container-6 wp-block-columns-is-layout-flex\">\n<div class=\"wp-block-column is-layout-flow wp-block-column-is-layout-flow\">\n<p><strong>OB\u010cINA SE\u017dANA<\/strong><\/p>\n\n\n\n<ul>\n<li>enota Se\u017eana<\/li>\n\n\n\n<li>enota Lehte<\/li>\n\n\n\n<li>enota Dutovlje<\/li>\n\n\n\n<li>enota Tomaj<\/li>\n\n\n\n<li>enota Povir<\/li>\n\n\n\n<li>enota Lokev<\/li>\n<\/ul>\n\n\n\n<p><strong>OB\u010cINA KOMEN<\/strong><\/p>\n\n\n\n<ul>\n<li>enota Komen<\/li>\n\n\n\n<li>enota \u0160tanjel<\/li>\n<\/ul>\n<\/div>\n\n\n\n<div class=\"wp-block-column is-layout-flow wp-block-column-is-layout-flow\">\n<p><strong>OB\u010cINA DIVA\u010cA<\/strong><\/p>\n\n\n\n<ul>\n<li>enota Diva\u010da<\/li>\n\n\n\n<li>enota Seno\u017ee\u010de<\/li>\n<\/ul>\n\n\n\n<p><strong>OB\u010cINA HRPELJE \u2013 KOZINA<\/strong><\/p>\n\n\n\n<ul>\n<li>enota Hrpelje<\/li>\n\n\n\n<li>enota Materija<\/li>\n<\/ul>\n<\/div>\n<\/div>\n\n\n\n<div style=\"height:50px\" aria-hidden=\"true\" class=\"wp-block-spacer\"><\/div>\n\n\n\n<p><strong>ORGANI ZAVODA<\/strong><\/p>\n\n\n\n<div class=\"wp-block-columns is-layout-flex wp-container-9 wp-block-columns-is-layout-flex\">\n<div class=\"wp-block-column is-layout-flow wp-block-column-is-layout-flow\">\n<p><a href=\"http:\/\/977.ablak.arnes.si\/?page_id=5000\"><mark style=\"background-color:rgba(0, 0, 0, 0);color:#1a96aa\" class=\"has-inline-color\">Svet zavoda<\/mark><\/a><\/p>\n<\/div>\n\n\n\n<div class=\"wp-block-column is-layout-flow wp-block-column-is-layout-flow\">\n<p><a href=\"http:\/\/977.ablak.arnes.si\/?page_id=4816\"><mark style=\"background-color:rgba(0, 0, 0, 0);color:#1a96aa\" class=\"has-inline-color\">Svet star\u0161ev<\/mark><\/a><\/p>\n<\/div>\n<\/div>\n\n\n\n<p>Ravnateljica<br>Organizira in vodi zavod, ga predstavlja in zastopa in je odgovoren za zakonito poslovanje. Ravnateljica Vrtca Se\u017eana je Teja \u010ceh Svetina.<\/p>\n\n\n\n<div style=\"height:50px\" aria-hidden=\"true\" class=\"wp-block-spacer\"><\/div>\n\n\n\n<p><strong>STROKOVNI ORGANI<\/strong><\/p>\n\n\n\n<p>Strokovna organa v javnem vrtcu sta vzgojiteljski zbor in strokovni aktiv.<\/p>\n\n\n\n<p>Vzgojiteljski zbor<br>Obravnava in odlo\u010da o strokovnih vpra\u0161anjih, povezanih z vzgojno-izobra\u017eevalnim delom. Obravnava tudi aktualne strokovne teme, daje pobude za izbolj\u0161ave pri vzgojno-izobra\u017eevalnem delu, sprejema strokovne odlo\u010ditve in evalvira pedago\u0161ko delo v vrtcu. Vzgojiteljski zbor vodi ravnateljica in skli\u010de najmanj tri letno.<\/p>\n\n\n\n<p>Strokovni aktivi<br>Sestavljajo jih vse strokovne delavke. Vsebine strokovnih aktivov so vezana na prednostno nalogo vrtca, kjer na\u010drtujemo vzgojno izobra\u017eevalne dejavnosti ter vsebine, ki zajemajo prikriti kurikulum ter otroke s posebnostmi v razvoju, njihove zna\u010dilnosti in vklju\u010devanje v skupino.<\/p>\n\n\n\n<p>Kolegij vrtca sestavljajo ravnateljica, pomo\u010dnici ravnateljice, svetovalna delavka in vodje enot. Naloga kolegija je predvsem koordinacija dela enot Vrtca Se\u017eana.<\/p>\n\n\n\n<div style=\"height:50px\" aria-hidden=\"true\" class=\"wp-block-spacer\"><\/div>\n\n\n\n<p><strong>VSEBINA VZGOJNEGA DELA Z OTROKI<\/strong><br>Kurikulum za vrtce predstavlja osnovo za na\u010drtovanje dela v vrtcu.<\/p>\n","protected":false},"excerpt":{"rendered":"<p>NEKAJ VE\u010c O VRTCU Vrtec Se\u017eana je del mre\u017ee javnih vrtcev, ki so ga za namen izvajanja vzgoje in izobra\u017eevanja pred\u0161olskih otrok ustanovile \u0161tiri ob\u010dine: OB\u010cINA DIVA\u010cA, OB\u010cINA HRPELJE \u2013 KOZINA, OB\u010cINA KOMEN in OB\u010cINA SE\u017dANA. Vrtec Se\u017eana je samostojen javni zavod&#8230;<\/p>\n","protected":false},"author":1,"featured_media":0,"parent":0,"menu_order":0,"comment_status":"closed","ping_status":"closed","template":"","meta":{"footnotes":""},"_links":{"self":[{"href":"https:\/\/vrtec-sezana.si\/index.php?rest_route=\/wp\/v2\/pages\/4990"}],"collection":[{"href":"https:\/\/vrtec-sezana.si\/index.php?rest_route=\/wp\/v2\/pages"}],"about":[{"href":"https:\/\/vrtec-sezana.si\/index.php?rest_route=\/wp\/v2\/types\/page"}],"author":[{"embeddable":true,"href":"https:\/\/vrtec-sezana.si\/index.php?rest_route=\/wp\/v2\/users\/1"}],"replies":[{"embeddable":true,"href":"https:\/\/vrtec-sezana.si\/index.php?rest_route=%2Fwp%2Fv2%2Fcomments&post=4990"}],"version-history":[{"count":17,"href":"https:\/\/vrtec-sezana.si\/index.php?rest_route=\/wp\/v2\/pages\/4990\/revisions"}],"predecessor-version":[{"id":7297,"href":"https:\/\/vrtec-sezana.si\/index.php?rest_route=\/wp\/v2\/pages\/4990\/revisions\/7297"}],"wp:attachment":[{"href":"https:\/\/vrtec-sezana.si\/index.php?rest_route=%2Fwp%2Fv2%2Fmedia&parent=4990"}],"curies":[{"name":"wp","href":"https:\/\/api.w.org\/{rel}","templated":true}]}}