{"id":4866,"date":"2024-01-23T10:52:24","date_gmt":"2024-01-23T09:52:24","guid":{"rendered":"http:\/\/977.ablak.arnes.si\/?page_id=4866"},"modified":"2025-04-03T08:18:30","modified_gmt":"2025-04-03T07:18:30","slug":"placilo-starsev","status":"publish","type":"page","link":"https:\/\/vrtec-sezana.si\/?page_id=4866","title":{"rendered":"Pla\u010dilo star\u0161ev"},"content":{"rendered":"\n<div style=\"height:100px\" aria-hidden=\"true\" class=\"wp-block-spacer\"><\/div>\n\n\n\n<h2 class=\"wp-block-heading\">PLA\u010cILO STAR\u0160EV<\/h2>\n\n\n\n<div style=\"height:50px\" aria-hidden=\"true\" class=\"wp-block-spacer\"><\/div>\n\n\n\n<p>Star\u0161i lahko uveljavljate zni\u017eano pla\u010dilo (\u010de ste zavezanci za dohodnino v Republiki Sloveniji in imate tukaj urejeno bivali\u0161\u010de) z Vlogo za uveljavljanje pravic iz javnih sredstev, katero vlo\u017eite na pristojnem Centru za socialno delo. \u010ce star\u0161i ne oddate vloge za zni\u017eano pla\u010dilo vrtca, pla\u010date 77% ekonomske cene programa. V primeru da ste star\u0161i in otroci obravnavani kot tujci pla\u010date polno ekonomsko ceno (100% cene programa).<\/p>\n\n\n\n<p><br>Vlogo morate vlo\u017eiti v mesecu pred nameravano vklju\u010ditvijo. Izdana odlo\u010dba bo veljala s 1. dnem naslednjega meseca. V kolikor imate oba otroka v vrtcu, morate za oba otroka vlo\u017eiti vlogo.<\/p>\n\n\n\n<p><br>Od 1.12.2018, skladno z Zakonom o spremembah in dopolnitvi Zakona o uveljavljanju pravic iz javnih sredstev, se za letne pravice, med njimi je tudi subvencija vrtca, ki se izte\u010dejo v mesecu decembru 2018 in kasneje, uvaja mese\u010dno avtomati\u010dno podalj\u0161anje pravice. To pomeni, da bodo Centri za socialno delo po uradni dol\u017enosti izdali odlo\u010dbo za zni\u017eano pla\u010dilo vrtca. V kolikor pa se pravica uveljavlja na novo, je \u0161e vedno potrebno oddati vlogo za zni\u017eano pla\u010dilo vrtca. Prav tako morajo upravi\u010denci do letne pravice \u0161e vedno Centru za socialno delo sporo\u010diti zakonske spremembe, \u010de do le teh pride. Povezavo do obvestila ministrstva najdete tukaj.<\/p>\n\n\n\n<p><br>Star\u0161i se zavezujejo, da bodo redno poravnavali vrtcu mese\u010dno izstavljeni ra\u010dun v skladu z vi\u0161ino pla\u010dila, ki jim ga je dolo\u010dil pristojni center za socialno delo z odlo\u010dbo ter veljavno ceno programa, v katerega je otrok vklju\u010den in jo dolo\u010di ob\u010dina \u2013 ustanoviteljica vrtca. Tujci pla\u010dajo polno ceno, to je ekonomska cena vrtca oziroma 100% pla\u010dilo cene programa.<\/p>\n\n\n\n<p><br>V primeru zamude pla\u010dila, vrtec zara\u010duna tudi zakonite zamudne obresti.<\/p>\n\n\n\n<p><br>Star\u0161em se pri pla\u010dilu za vrtec v primeru odsotnosti otroka iz vrtca pla\u010dilo zni\u017ea za sorazmerni del stro\u0161kov neporabljenih \u017eivil, ki je 2,46\u20ac\/dan, glede na dolo\u010den % pla\u010dila na podlagi odlo\u010dbe CSD. Tujcem, ki pla\u010dujejo polno ekonomsko ceno se odbije polna cena prehrane \u2013 2,46 \u20ac\/dan. Star\u0161i za katere pla\u010dujejo ob\u010dine Komen, Se\u017eana, Diva\u010da in Hrpelje-Kozina razliko do polne cene programa lahko uveljavljajo rezervacijo za otroka enkrat letno v obdobju od 1. junija do 31.septembra in sicer za neprekinjeno odsotnost otroka v trajanju najmanj enega in najve\u010d dveh mesecev. Izpolnjen obrazec morajo star\u0161i oddati 15 dni pred \u017eelenim datumom pri\u010detka rezervacije. Star\u0161i lahko med letom, v primeru bolezni otroka, uveljavljajo rezervacijo, \u010de je otrok odsoten najmanj 21 delovnih dni zapored. V tem primeru je potrebno predlo\u017eiti zdravni\u0161ko potrdilo in izpolniti obrazec.<\/p>\n\n\n\n<p><br>Star\u0161i za \u010das rezervacije (poletna odsotnost ali zaradi bolezni) pla\u010dajo 50% prispevka star\u0161ev dolo\u010denega z odlo\u010dbo centra za socialno delo, zmanj\u0161an za neporabljene stro\u0161ke \u017eivil. Star\u0161i, za katere je dopla\u010dnica katera koli druga ob\u010dina, velja sklep ob\u010dine dopla\u010dnice. Ravno tako, se vse ugodnosti pri pla\u010dilu star\u0161ev, povezane z upravi\u010deno odsotnostjo otroka iz vrtca, star\u0161em priznavajo v skladu s sklepom ob\u010dine zavezanke za pla\u010dilo razlike med polno ceno in pla\u010dilom star\u0161ev. Zni\u017eanja ne veljajo za star\u0161e ki so obravnavani kot tujci (niste zavezanci za dohodnino v Republiki Sloveniji).<\/p>\n\n\n\n<p><br>Star\u0161i si lahko uredite prejemanje oziroma pla\u010dilo polo\u017enic na ve\u010d na\u010dinov:<\/p>\n\n\n\n<ul>\n<li><a href=\"http:\/\/977.ablak.arnes.si\/wp-content\/uploads\/2024\/01\/Vloga-za-izdajo-soglasja-SDD-1.pdf\"><mark style=\"background-color:rgba(0, 0, 0, 0);color:#1a96aa\" class=\"has-inline-color\">trajni nalog-direktna bremenitev va\u0161ega ra\u010duna 18 v mesecu<\/mark><\/a><\/li>\n\n\n\n<li><a href=\"http:\/\/977.ablak.arnes.si\/wp-content\/uploads\/2024\/01\/Vloga-za-e-racun-na-e-posto-1.pdf\"><mark style=\"background-color:rgba(0, 0, 0, 0);color:#1a96aa\" class=\"has-inline-color\">prejemanje polo\u017enic na e-naslov<\/mark><\/a><\/li>\n\n\n\n<li><a href=\"http:\/\/977.ablak.arnes.si\/wp-content\/uploads\/2024\/01\/Vloga-za-e-racun-v-spletno-banko-1.pdf\"><mark style=\"background-color:rgba(0, 0, 0, 0);color:#1a96aa\" class=\"has-inline-color\">prejemanje polo\u017enic v spletno banko<\/mark><\/a><\/li>\n<\/ul>\n\n\n\n<p>V kolikor bi \u017eeleli prejemati oziroma pla\u010devati polo\u017enice na omenjene na\u010dine, vas prosimo da izpolnite enega izmed \u017eelenih obrazcev na povezavi zgoraj ali pod rubriko Koti\u010dek za star\u0161e\/obrazci. Izpolnjene obrazce lahko po\u0161ljete po navadni po\u0161ti ali skenirano na enega izmed spodnjih e-naslovov. V kolikor vas tak na\u010din prejemanja\/pla\u010devanja polo\u017enic ne zanima boste polo\u017enice prejemali \u0161e naprej po navadni po\u0161ti na va\u0161 naslov.<\/p>\n\n\n\n<p><br>Za dodatna vpra\u0161anja smo vam na voljo na \u0161tevilki 057310220 ali na e-naslovu:<br>vrtec.sezana@guest.arnes.si.<\/p>\n\n\n\n<p><mark style=\"background-color:rgba(0, 0, 0, 0);color:#1a96aa\" class=\"has-inline-color\"><a href=\"https:\/\/vrtec-sezana.si\/?page_id=4874\" data-type=\"link\" data-id=\"https:\/\/vrtec-sezana.si\/?page_id=4874\">CENIK Vrtca Se\u017eana<\/a><\/mark><\/p>\n","protected":false},"excerpt":{"rendered":"<p>PLA\u010cILO STAR\u0160EV Star\u0161i lahko uveljavljate zni\u017eano pla\u010dilo (\u010de ste zavezanci za dohodnino v Republiki Sloveniji in imate tukaj urejeno bivali\u0161\u010de) z Vlogo za uveljavljanje pravic iz javnih sredstev, katero vlo\u017eite na pristojnem Centru za socialno delo. \u010ce star\u0161i ne oddate vloge za&#8230;<\/p>\n","protected":false},"author":1,"featured_media":0,"parent":0,"menu_order":0,"comment_status":"closed","ping_status":"closed","template":"","meta":{"footnotes":""},"_links":{"self":[{"href":"https:\/\/vrtec-sezana.si\/index.php?rest_route=\/wp\/v2\/pages\/4866"}],"collection":[{"href":"https:\/\/vrtec-sezana.si\/index.php?rest_route=\/wp\/v2\/pages"}],"about":[{"href":"https:\/\/vrtec-sezana.si\/index.php?rest_route=\/wp\/v2\/types\/page"}],"author":[{"embeddable":true,"href":"https:\/\/vrtec-sezana.si\/index.php?rest_route=\/wp\/v2\/users\/1"}],"replies":[{"embeddable":true,"href":"https:\/\/vrtec-sezana.si\/index.php?rest_route=%2Fwp%2Fv2%2Fcomments&post=4866"}],"version-history":[{"count":8,"href":"https:\/\/vrtec-sezana.si\/index.php?rest_route=\/wp\/v2\/pages\/4866\/revisions"}],"predecessor-version":[{"id":13032,"href":"https:\/\/vrtec-sezana.si\/index.php?rest_route=\/wp\/v2\/pages\/4866\/revisions\/13032"}],"wp:attachment":[{"href":"https:\/\/vrtec-sezana.si\/index.php?rest_route=%2Fwp%2Fv2%2Fmedia&parent=4866"}],"curies":[{"name":"wp","href":"https:\/\/api.w.org\/{rel}","templated":true}]}}