{"id":4822,"date":"2024-01-23T10:02:50","date_gmt":"2024-01-23T09:02:50","guid":{"rendered":"http:\/\/977.ablak.arnes.si\/?page_id=4822"},"modified":"2024-02-05T09:33:54","modified_gmt":"2024-02-05T08:33:54","slug":"vpis-v-vrtec","status":"publish","type":"page","link":"https:\/\/vrtec-sezana.si\/?page_id=4822","title":{"rendered":"Vpis v vrtec"},"content":{"rendered":"\n<div style=\"height:100px\" aria-hidden=\"true\" class=\"wp-block-spacer\"><\/div>\n\n\n\n<h2 class=\"wp-block-heading\">VPIS V VRTEC<\/h2>\n\n\n\n<div style=\"height:50px\" aria-hidden=\"true\" class=\"wp-block-spacer\"><\/div>\n\n\n\n<p><strong>VKLJU\u010cITEV OTROKA V VRTEC<\/strong><\/p>\n\n\n\n<p>Enkrat na leto, praviloma v mesecu februarju, objavimo razpis prostih mest v&nbsp; vrtcu za novo \u0161olsko<br>leto. V vrtec lahko vklju\u010dimo otroke, ko dopolnijo starost enajstih mesecev in ko star\u0161i ne uveljavljajo<br>ve\u010d pravice do star\u0161evskega dopusta.&nbsp; V vrtec sprejemamo&nbsp; otroke tudi med&nbsp; letom,&nbsp; vendar&nbsp; le v<br>oddelke, kjer so \u0161e prosta mesta&nbsp; v&nbsp; skladu&nbsp; z&nbsp; zakonsko&nbsp;dolo\u010denimi normativi.<\/p>\n\n\n\n<p><br>Za vpis otroka v vrtec morajo star\u0161i izpolniti Vlogo za sprejem otroka, ki jo dobijo v vseh enotah vrtca<br>ali na spletni strani vrtca (obrazci).<\/p>\n\n\n\n<p><br>Na podlagi va\u0161e vloge za sprejem vam vrtec odgovori, ali ste sprejeti, in sicer:<br>\u2013 otroci z datumom vpisa&nbsp; med letom:<br>boste prejeli odgovor ali ste sprejeti najkasneje&nbsp;en mesec pred datumom sprejema, ki ste ga navedli<br>na vlogi. V primeru, da trenutno ni prostora, boste o tem tudi obve\u0161\u010deni in uvr\u0161\u010deni na \u010dakalno listo<br>za sprejem, dokler se mesto za va\u0161ega otroka ne sprosti. Na va\u0161o \u017eeljo vam lahko ponudimo prosto<br>mestu v drugi najbli\u017eji enoti, dokler se mesto ne sprosti v \u017eeleni enoti vrtca.<\/p>\n\n\n\n<p><br>\u2013&nbsp;\u010ce vpisujete otroka z novim \u0161olskim letom (1.9.):<br>boste prejeli odgovor ali ste sprejeti&nbsp;najkasneje do konca junija teko\u010dega leta (ko bo\u010dine<br>ustanoviteljice s sklepom potrdijo vkupine za novo \u0161olsko leto). V primeru da bi bilo ve\u010d vpisanih<br>otrok kot je prostih mest, se sestane komisija za sprejem otrok, o tem ali bo komisija v dolo\u010deni enot<br>vrtca boste star\u0161i obve\u0161\u010deni najkasneje do konca aprila teko\u010dega leta, saj boste morali predlo\u017eiti<br>dodatno dokumentacijo.<\/p>\n\n\n\n<p><br>Oddana vloga \u0161e ne pomeni, da ste sprejeti v vrtec.&nbsp;Sprejeti ste \u0161ele takrat, ko vam po\u0161ljemo v podpis<br>Pogodbo o dolo\u010ditvi medsebojnih pravic in obveznosti star\u0161ev in vrtca. \u010ce star\u0161i ne vrnejo podpisane<br>pogodbe v dolo\u010denem roku \u2013 najkasneje v petnajstih dneh \u2013oziroma vrtca ne obvestijo o razlogih,<br>zaradi katerih ne bodo otroka vklju\u010dili v vrtec, se \u0161teje, da so star\u0161i umaknili Vlogo za sprejem otroka<br>v vrtec. V tem primeru morajo star\u0161i Vlogo za sprejem otroka v vrtec ponovno oddati, ko ga \u017eelijo<br>vklju\u010diti v vrtec. Star\u0161i lahko uveljavljajo zni\u017eano pla\u010dilo z Vlogo za uveljavljanje pravic iz javnih<br>sredstev, ki jo oddajo pristojnemu Centru za socialno delo \u2013 kjer ima star\u0161 stalno prebivali\u0161\u010de, v<br>mesecu pred nameravano vklju\u010ditvijo. Na podlagi vloge pristojni Center za socialno delo izda odlo\u010dbo<br>o uvrstitvi v pla\u010dilni razred in o tem obvesti star\u0161e in vrtec. Star\u0161i ki niso uporavi\u010deni do zni\u017eanega<br>pla\u010dila vrtca morajo pla\u010dati polno ekonomsko ceno (za podrobnej\u0161o razlago si glejte rubriko pla\u010dilo<br>star\u0161ev).<\/p>\n\n\n\n<p><br>Otrok mora pred prihodom v vrtec opraviti zdravni\u0161ki pregled. Zdravni\u0161ko spri\u010devalo morate oddati<br>vzgojiteljici prvi dan prihoda otroka v vrtec. \u010ce star\u0161i prvi dan vpisa ne prinesejo zdravni\u0161kega<br>spri\u010devala, otroka ne moremo sprejeti v vrtec.<\/p>\n\n\n\n<p><br>V vrtec so lahko sprejeti le tisti otroci ki so cepljeni po programu (proti&nbsp;o\u0161picam, mumpsu in rde\u010dkam<br>ali pa obstajajo medicinskih razlogi zakaj niso cepljeni)<\/p>\n\n\n\n<p><br>Ve\u010d si lahko preberete v noveli <a rel=\"noreferrer noopener\" href=\"http:\/\/www.pisrs.si\/Pis.web\/pregledPredpisa?id=ZAKO433\" target=\"_blank\"><mark style=\"background-color:rgba(0, 0, 0, 0);color:#1a96aa\" class=\"has-inline-color\">Zakona o nalezljivih boleznih (Uradni list RS, \u0161t. 33\/06 \u2013 uradno pre\u010di\u0161\u010deno besedilo, 49\/20 \u2013 ZIUZEOP in 142\/20).<\/mark><\/a><\/p>\n\n\n\n<p>&nbsp;<\/p>\n","protected":false},"excerpt":{"rendered":"<p>VPIS V VRTEC VKLJU\u010cITEV OTROKA V VRTEC Enkrat na leto, praviloma v mesecu februarju, objavimo razpis prostih mest v&nbsp; vrtcu za novo \u0161olskoleto. V vrtec lahko vklju\u010dimo otroke, ko dopolnijo starost enajstih mesecev in ko star\u0161i ne uveljavljajove\u010d pravice do star\u0161evskega dopusta.&nbsp;&#8230;<\/p>\n","protected":false},"author":1,"featured_media":0,"parent":0,"menu_order":0,"comment_status":"closed","ping_status":"closed","template":"","meta":{"footnotes":""},"_links":{"self":[{"href":"https:\/\/vrtec-sezana.si\/index.php?rest_route=\/wp\/v2\/pages\/4822"}],"collection":[{"href":"https:\/\/vrtec-sezana.si\/index.php?rest_route=\/wp\/v2\/pages"}],"about":[{"href":"https:\/\/vrtec-sezana.si\/index.php?rest_route=\/wp\/v2\/types\/page"}],"author":[{"embeddable":true,"href":"https:\/\/vrtec-sezana.si\/index.php?rest_route=\/wp\/v2\/users\/1"}],"replies":[{"embeddable":true,"href":"https:\/\/vrtec-sezana.si\/index.php?rest_route=%2Fwp%2Fv2%2Fcomments&post=4822"}],"version-history":[{"count":6,"href":"https:\/\/vrtec-sezana.si\/index.php?rest_route=\/wp\/v2\/pages\/4822\/revisions"}],"predecessor-version":[{"id":5790,"href":"https:\/\/vrtec-sezana.si\/index.php?rest_route=\/wp\/v2\/pages\/4822\/revisions\/5790"}],"wp:attachment":[{"href":"https:\/\/vrtec-sezana.si\/index.php?rest_route=%2Fwp%2Fv2%2Fmedia&parent=4822"}],"curies":[{"name":"wp","href":"https:\/\/api.w.org\/{rel}","templated":true}]}}