{"id":4767,"date":"2023-11-12T09:20:00","date_gmt":"2023-11-12T08:20:00","guid":{"rendered":"http:\/\/977.ablak.arnes.si\/?page_id=4767"},"modified":"2026-02-26T10:03:36","modified_gmt":"2026-02-26T09:03:36","slug":"ostali-projekti-in-dejavnosti","status":"publish","type":"page","link":"https:\/\/vrtec-sezana.si\/?page_id=4767","title":{"rendered":"Ostali projekti in dejavnosti"},"content":{"rendered":"\n<div style=\"height:100px\" aria-hidden=\"true\" class=\"wp-block-spacer\"><\/div>\n\n\n\n<h2 class=\"wp-block-heading\">OSTALI PROJEKTI IN DEJAVNOSTI<\/h2>\n\n\n\n<div style=\"height:50px\" aria-hidden=\"true\" class=\"wp-block-spacer\"><\/div>\n\n\n\n<p><strong>PARTNERSTVO ZA OHRANITEV IN POPULARIZACIJO KRA\u0160KE SUHOZIDNE GRADNJE<\/strong><\/p>\n\n\n\n<figure class=\"wp-block-image aligncenter size-full\"><img decoding=\"async\" loading=\"lazy\" width=\"212\" height=\"75\" src=\"https:\/\/vrtec-sezana.si\/wp-content\/uploads\/2024\/02\/logotip_suhi_zid.jpg\" alt=\"\" class=\"wp-image-6967\"\/><\/figure>\n\n\n\n<p>Vrtec Se\u017eana se je leta 2014 kot partner pridru\u017eil konzorciju, katerega namen je ohranitev in popularizacija kra\u0161ke suhozidne gradnje, v projekt so vklju\u010dene institucije z obeh strani meje. V leto\u0161njem \u0161olskme letu iz Vrtca Se\u017eana sodeluje 12 strokovnih delavk. Program leto\u0161njega leta zajema:&nbsp;<\/p>\n\n\n\n<p>&#8211; izdelavo bro\u0161ure o uporabi novega u\u010dnega pripomo\u010dka, ki je bil v nekaterih enotah uporabljen&nbsp;v preteklem \u0161olskem letu. Bro\u0161ura bo predvidoma iz\u0161la do konca koledarskega leta;<\/p>\n\n\n\n<p>&#8211; predstavitev bro\u0161ure oz. priro\u010dnika za uporabo u\u010dnega pripomo\u010dka in izvajanje vsebin na temo suhih zidov v vrtcih;<\/p>\n\n\n\n<p>&#8211; sodelovanje Partnerstva oz. \u0161ol in vrtcev pri pripravi ERASMUS+ projekta;<\/p>\n\n\n\n<p>&#8211; sodelovanje na Kamentonu, ki bo potekal spomladi v Nabre\u017eini.<\/p>\n\n\n\n<p>Za izvajanje dejavnosti Kurikuluma bodo v vsebinah vklju\u010dene razli\u010dne aktivnosti: gradnja, risanje, glasba, zaznava in ustvarjanje v prostoru, spoznavanje rastlin in \u017eivali, ki naseljujejo suhe zidove. Program temelji na celostnem do\u017eivljanju in razvijanju ustvarjalnosti s \u010dutom do kulturne krajine.<\/p>\n\n\n\n<p><strong>BRALNI \u0160KRAT DOBRO\u0160IN<\/strong><\/p>\n\n\n\n<p>V \u0161olskem letu 2025\/2026 je bralni pal\u010dek spremenil podobo in ime. Kosovelova knji\u017enica je v okviru Kosovelovega leta 2026 oblikovala novo vizualno podobo: bralni \u0161krat Dobro\u0161in.\u00a0 Novi vizualni podobi bodo dodali tudi lutko \u0161krata Dobro\u0161ina. Projekt spodbuja dru\u017einsko branje in poteka v vseh enotah Vrtca Se\u017eana. Namenjen je otrokom, ki bodo v naslednjem \u0161olskem letu vstopili v \u0161olo. Ob prebiranju slikanic doma, otrok nato na razli\u010dne na\u010dine izrazi vsebino skozi (gib, risba, lutka, govor,\u2026),vsem otrokom, samo strokovnim delavkam ali manj\u0161i skupini. Ob koncu projekta vsak otrok prejme priznanje bralni \u0161krat Dobro\u0161in. \u010clani projektnega tima so vzgojiteljice otrok letnika 2019 in 2020 ter knji\u017eni\u010darke Kosovelove knji\u017enice Se\u017eana.<\/p>\n\n\n\n<p><strong>PROJEKTI ZA TRAJNOSTNI RAZVOJ : SOBIVANJE<\/strong><\/p>\n\n\n\n<p>Dru\u0161tvo Sobivanje spodbuja otroke, star\u0161e, vzgojitelje in \u0161ir\u0161o skupnost k izvajanju splo\u0161no koristnih projektov in izobra\u017eevanj na podro\u010dju trajnostnega razvoja. S programi in projekti spodbuja spo\u0161tovanje, prijateljstvo, solidarnost, zdrav \u017eivljenjski slog, prometno varnost ter skrb za naravo. Dejavnosti otroke usmerjajo k aktivnemu sodelovanju in ustvarjalnosti, odrasle pa k ozave\u0161\u010denim vsakodnevnim odlo\u010ditvam.\u00a0V \u0161olskem letu 2025\/26 so oddelki na\u0161ega vrtca vklju\u010deni v razli\u010dne tematike: projekt varno v vrtec in \u0161olo, projekt spodbujamo prijateljstvo, projekt energetsko znanje za odgovorno ravnanje.<\/p>\n\n\n\n<p><\/p>\n\n\n\n<p><strong>NA\u0160A MALA KNJI\u017dNICA<\/strong><\/p>\n\n\n\n<p>Mednarodni projekt Na\u0161a mala knji\u017enica je namenjen promociji bralne kulture ter evropskih avtorjev in ilustratorjev, ki so uveljavljeni v domovini, ne pa nujno tudi v drugih evropskih dr\u017eavah. Projekt poteka \u017ee od leta 2008 in v njem sodeluje ve\u010d zalo\u017eb, ki predlagajo v branje kvalitetne slikanice evropskih avtorjev. V leto\u0161njem letu bosta v projektu sodelovala 2 oddelka in sicer v enoti Se\u017eana in v enoti Dutovlje, skupno 45 otrok.<\/p>\n\n\n\n<p><\/p>\n\n\n\n<p><strong>CICI VESELA \u0160OLA<\/strong><\/p>\n\n\n\n<p>Cici Vesela \u0161ola je stalna vzgojno-izobra\u017eevalna rubrika revij Ciciban in Cicido, ki vzgojiteljem, u\u010diteljem in star\u0161em omogo\u010da pogovor o razli\u010dnih temah, s katerimi se sre\u010dujejo otroci v svojem \u017eivljenju. Obenem je Cici Vesela \u0161ola vseslovenski preizkus znanja, ki ne spodbuja tekmovalnosti, temve\u010d raziskovanje in sodelovanje.<\/p>\n\n\n\n<p>Cici Vesela \u0161ola vsak mesec obravnava zanimivo, premi\u0161ljeno izbrano temo. Predstavlja razli\u010dna podro\u010dja: kulturno in estetsko vzgojo, socialno u\u010denje, \u0161port, dru\u017eboslovje, naravoslovje, tehniko \u2026 njene vsebine pripravljajo strokovnjaki in so prilagojene pred\u0161olskim otrokom oziroma u\u010dencem prvega triletja. Preko pripravljenih vsebin se otroke motivira, da sami postavljajo vpra\u0161anja in i\u0161\u010dejo odgovore v razli\u010dnih virih.<\/p>\n\n\n\n<p><\/p>\n\n\n\n<p><strong>MOJA PRAVLJICA<\/strong><\/p>\n\n\n\n<p>Dejavnost je namenjena otrokom za izbolj\u0161anje razumevanja slovenskega jezika in krepitvi jezikovnih spretnosti. Pred\u0161olsko obdobje je za razvoj govora eno najpomembnej\u0161ih. V tem obdobju jezikovne dejavnosti v vrtcu vklju\u010dujejo \u0161iroko polje sodelovanja in komunikacijo z odraslimi, otroki, seznanjanje s pisnim jezikom. Z izvajanjem bodo pri\u010deli v oktobru 2025, in sicer enkrat tedensko v enoti Se\u017eana in v enoti Hrpelje tekom bivanja otrok v vrtcu.<\/p>\n\n\n\n<p><\/p>\n\n\n\n<p><strong>PLANINSKA DEJAVNOST GOJZAR\u010cKI<\/strong><\/p>\n\n\n\n<p>Planinska sre\u010danja so namenjena pred\u0161olskim otrokom in spodbujajo navajanje na sodelovanje v skupini, razvijanje skladnosti gibanja, dru\u017eenje s sovrstniki in odraslimi. Skozi organizirane pohode razvijajo naklonjen, spo\u0161tljiv odgovoren odnos do \u017eive in ne\u017eive narave. Sre\u010devali se bodo enkrat do dvakrat mese\u010dno, izvedli bodo 4 pohode v okolici ob sobotah ali nedeljah. Pohodi so v spremstvu star\u0161ev. Dejavnost se bo izvajala v enoti Se\u017eana, Dutovlje in Hrpelje.<\/p>\n\n\n\n<p><\/p>\n\n\n\n<p><strong>FOLKLORNA DEJAVNOST OFS KAMEN\u010cKI<\/strong><\/p>\n\n\n\n<p>V enoti Se\u017eana se izvaja otro\u0161ka Folklorna dejavnost. Vaje potekajo enkrat tedensko, namenjene so otrokom v starosti 5-6 let in 4-5 let. Otroci bodo preko igre spoznavali ljudske plese, pesmi, glasbila in razli\u010dne zvrsti ljudske umetnosti. Spoznali bodo tudi obla\u010dila, obutev, pokrivala, frizure ter stare fotografije, ki nas povezujejo z na\u0161o kulturno tradicijo.<\/p>\n\n\n\n<p><strong>PEVSKI ZBOR<\/strong><\/p>\n\n\n\n<p>V enoti Diva\u010da se Pevski zbor vrtca Diva\u010da, bodo obiskovali otroci stari od 5-6 let. Vaje bodo potekale enkrat tedensko po 30 min in sicer ob sredah, od 7.30-8.00. Zbor bo obiskovalo 26 otrok. Na pevskih vajah bomo preko gibalnih, rajalnih, didakti\u010dnih in plesnih iger usvajali nove otro\u0161ke pesmi, saj sta glasba in gibanje za otroka v pred\u0161olskem obdobju nedeljiva celota. Pri petju v zboru se bodo otroci navajali na skupinsko petje, pravilno dihanje, pozorni bodo&nbsp; na skupni za\u010detek, zaklju\u010dek pesmi, artikulacijo, tempo, agogiko, dinamiko in dikcijo. Otroci se bodo navajali na to, da preglasno in kri\u010davo petje \u0161koduje glasu. Velik pomen pri tem ima zgled mentorja, saj se otroci v pred\u0161olskem obdobju u\u010dijo peti po metodi imitacije. Otroci se bodo navajli na usmerjanje pozornosti na zborovodjo.<\/p>\n\n\n\n<p>Pevski zbor vrtca Diva\u010da bo sodeloval na prireditvah, ki bodo potekale v vrtcu, \u0161oli, v bli\u017enji okolici ob razli\u010dnih prilo\u017enostih (Kulturni dan, prazniki, sodelovanje z Ob\u010dino Diva\u010da, Pomladni bazar, druge enote vrtca,\u2026).<\/p>\n\n\n\n<p><strong>ZDRAVJE V VRTCU<\/strong><\/p>\n\n\n\n<p>Rde\u010da nit v \u0161olskem letu 2025\/26 bo tema <em>Male roke gradijo velika prijateljstva.<\/em><\/p>\n\n\n\n<p>Program Zdravje v vrtcu deluje pod okriljem NIJZ in je usmerjen v promocijo zdravega na\u010dina \u017eivljenja, celostno krepitev zdravja ter spodbujanje dobrega po\u010dutja otrok, strokovnih delavcev, star\u0161ev in \u0161ir\u0161e skupnosti. V vrtcih vklju\u010duje aktivnosti, ki prispevajo k telesnemu, du\u0161evnemu, socialnemu in okoljskemu zdravju.<\/p>\n\n\n\n<p>V \u0161olskem letu 2025\/26 nas bo povezovala rde\u010da nit \u00bbMale roke gradijo velika prijateljstva\u00ab, s katero se bomo osredoto\u010dali na spodbujanje pozitivnih medosebnih odnosov, prepre\u010devanje nasilnega in ne\u017eelenega vedenja ter oblikovanje varnega, vklju\u010dujo\u010dega in spodbudnega vrt\u010devskega okolja. Poseben poudarek bo na razvijanju socialnih in \u010dustvenih kompetenc otrok, sodelovanju s star\u0161i ter gradnji zaupanja in prijateljskih vezi med vsemi vklju\u010denimi v \u017eivljenje vrtca. Izvajali bodo tudi razli\u010dne dejavnosti za spodbujanje zdravega in varnega \u017eivljenjskega sloga. Posebno pozornost bodo namenili ozave\u0161\u010danju o zdravem prehranjevanju in pridelavi hrane, spodbujanju rednega gibanja in telesne dejavnosti, izvajanju vaj spro\u0161\u010danja in joge ter skrbi za varnost otrok v prometu. Sodelovali bodo z zdravstvenim domom in drugimi strokovnjaki, ki bodo z obiski in delavnicami prispevali k dvigu ozave\u0161\u010denosti o zdravju in dobrem po\u010dutju. Dejavnosti bodo na\u010drtovali skladno z interesi otrok in strokovnih delavcev ter jih prilagajali potrebam posamezne skupine. V okviru regijske specifi\u010dne naloge se bodo v sodelovanju z regijsko koordinatorico povezali pri izvedbi skupne aktivnosti (izdelava didakti\u010dne igra\u010de\/pripomo\u010dka), ki bo podpirala rde\u010do nit programa. Z izvajanjem programa bodo otrokom omogo\u010dili varno, spodbudno in sodelovalno okolje, v katerem bodo gradili prijateljske vezi, krepili ob\u010dutek pripadnosti ter razvijali socialne in \u010dustvene spretnosti, hkrati pa pridobivali zdrave \u017eivljenjske navade za prihodnost.<\/p>\n\n\n\n<p><a rel=\"noreferrer noopener\" href=\"https:\/\/zalozba.upr.si\/umetnost-v-vzgoji-v-vrtcih-in-solah\/\" target=\"_blank\"><mark style=\"background-color:rgba(0, 0, 0, 0);color:#1e97ab\" class=\"has-inline-color\">Umetnost v vzgoji v vrtcih in \u0161olah | Zalo\u017eba Univerze na Primorskem (upr.si)<\/mark><\/a><\/p>\n","protected":false},"excerpt":{"rendered":"<p>OSTALI PROJEKTI IN DEJAVNOSTI PARTNERSTVO ZA OHRANITEV IN POPULARIZACIJO KRA\u0160KE SUHOZIDNE GRADNJE Vrtec Se\u017eana se je leta 2014 kot partner pridru\u017eil konzorciju, katerega namen je ohranitev in popularizacija kra\u0161ke suhozidne gradnje, v projekt so vklju\u010dene institucije z obeh strani meje. V leto\u0161njem&#8230;<\/p>\n","protected":false},"author":1,"featured_media":0,"parent":0,"menu_order":0,"comment_status":"closed","ping_status":"closed","template":"","meta":{"footnotes":""},"_links":{"self":[{"href":"https:\/\/vrtec-sezana.si\/index.php?rest_route=\/wp\/v2\/pages\/4767"}],"collection":[{"href":"https:\/\/vrtec-sezana.si\/index.php?rest_route=\/wp\/v2\/pages"}],"about":[{"href":"https:\/\/vrtec-sezana.si\/index.php?rest_route=\/wp\/v2\/types\/page"}],"author":[{"embeddable":true,"href":"https:\/\/vrtec-sezana.si\/index.php?rest_route=\/wp\/v2\/users\/1"}],"replies":[{"embeddable":true,"href":"https:\/\/vrtec-sezana.si\/index.php?rest_route=%2Fwp%2Fv2%2Fcomments&post=4767"}],"version-history":[{"count":31,"href":"https:\/\/vrtec-sezana.si\/index.php?rest_route=\/wp\/v2\/pages\/4767\/revisions"}],"predecessor-version":[{"id":34086,"href":"https:\/\/vrtec-sezana.si\/index.php?rest_route=\/wp\/v2\/pages\/4767\/revisions\/34086"}],"wp:attachment":[{"href":"https:\/\/vrtec-sezana.si\/index.php?rest_route=%2Fwp%2Fv2%2Fmedia&parent=4767"}],"curies":[{"name":"wp","href":"https:\/\/api.w.org\/{rel}","templated":true}]}}

<div style="height:100px" aria-hidden="true" class="wp-block-spacer"></div>



<h2 class="wp-block-heading">OSTALI PROJEKTI IN DEJAVNOSTI</h2>



<div style="height:50px" aria-hidden="true" class="wp-block-spacer"></div>



<p><strong>PARTNERSTVO ZA OHRANITEV IN POPULARIZACIJO KRAŠKE SUHOZIDNE GRADNJE</strong></p>



<figure class="wp-block-image aligncenter size-full"><img decoding="async" loading="lazy" width="212" height="75" src="https://vrtec-sezana.si/wp-content/uploads/2024/02/logotip_suhi_zid.jpg" alt="" class="wp-image-6967"/></figure>



<p>Vrtec Sežana se je leta 2014 kot partner pridružil konzorciju, katerega namen je ohranitev in popularizacija kraške suhozidne gradnje, v projekt so vključene institucije z obeh strani meje. V letošnjem šolskme letu iz Vrtca Sežana sodeluje 12 strokovnih delavk. Program letošnjega leta zajema:&nbsp;</p>



<p>&#8211; izdelavo brošure o uporabi novega učnega pripomočka, ki je bil v nekaterih enotah uporabljen&nbsp;v preteklem šolskem letu. Brošura bo predvidoma izšla do konca koledarskega leta;</p>



<p>&#8211; predstavitev brošure oz. priročnika za uporabo učnega pripomočka in izvajanje vsebin na temo suhih zidov v vrtcih;</p>



<p>&#8211; sodelovanje Partnerstva oz. šol in vrtcev pri pripravi ERASMUS+ projekta;</p>



<p>&#8211; sodelovanje na Kamentonu, ki bo potekal spomladi v Nabrežini.</p>



<p>Za izvajanje dejavnosti Kurikuluma bodo v vsebinah vključene različne aktivnosti: gradnja, risanje, glasba, zaznava in ustvarjanje v prostoru, spoznavanje rastlin in živali, ki naseljujejo suhe zidove. Program temelji na celostnem doživljanju in razvijanju ustvarjalnosti s čutom do kulturne krajine.</p>



<p><strong>BRALNI ŠKRAT DOBROŠIN</strong></p>



<p>V šolskem letu 2025/2026 je bralni palček spremenil podobo in ime. Kosovelova knjižnica je v okviru Kosovelovega leta 2026 oblikovala novo vizualno podobo: bralni škrat Dobrošin.  Novi vizualni podobi bodo dodali tudi lutko škrata Dobrošina. Projekt spodbuja družinsko branje in poteka v vseh enotah Vrtca Sežana. Namenjen je otrokom, ki bodo v naslednjem šolskem letu vstopili v šolo. Ob prebiranju slikanic doma, otrok nato na različne načine izrazi vsebino skozi (gib, risba, lutka, govor,…),vsem otrokom, samo strokovnim delavkam ali manjši skupini. Ob koncu projekta vsak otrok prejme priznanje bralni škrat Dobrošin. Člani projektnega tima so vzgojiteljice otrok letnika 2019 in 2020 ter knjižničarke Kosovelove knjižnice Sežana.</p>



<p><strong>PROJEKTI ZA TRAJNOSTNI RAZVOJ : SOBIVANJE</strong></p>



<p>Društvo Sobivanje spodbuja otroke, starše, vzgojitelje in širšo skupnost k izvajanju splošno koristnih projektov in izobraževanj na področju trajnostnega razvoja. S programi in projekti spodbuja spoštovanje, prijateljstvo, solidarnost, zdrav življenjski slog, prometno varnost ter skrb za naravo. Dejavnosti otroke usmerjajo k aktivnemu sodelovanju in ustvarjalnosti, odrasle pa k ozaveščenim vsakodnevnim odločitvam. V šolskem letu 2025/26 so oddelki našega vrtca vključeni v različne tematike: projekt varno v vrtec in šolo, projekt spodbujamo prijateljstvo, projekt energetsko znanje za odgovorno ravnanje.</p>



<p></p>



<p><strong>NAŠA MALA KNJIŽNICA</strong></p>



<p>Mednarodni projekt Naša mala knjižnica je namenjen promociji bralne kulture ter evropskih avtorjev in ilustratorjev, ki so uveljavljeni v domovini, ne pa nujno tudi v drugih evropskih državah. Projekt poteka že od leta 2008 in v njem sodeluje več založb, ki predlagajo v branje kvalitetne slikanice evropskih avtorjev. V letošnjem letu bosta v projektu sodelovala 2 oddelka in sicer v enoti Sežana in v enoti Dutovlje, skupno 45 otrok.</p>



<p></p>



<p><strong>CICI VESELA ŠOLA</strong></p>



<p>Cici Vesela šola je stalna vzgojno-izobraževalna rubrika revij Ciciban in Cicido, ki vzgojiteljem, učiteljem in staršem omogoča pogovor o različnih temah, s katerimi se srečujejo otroci v svojem življenju. Obenem je Cici Vesela šola vseslovenski preizkus znanja, ki ne spodbuja tekmovalnosti, temveč raziskovanje in sodelovanje.</p>



<p>Cici Vesela šola vsak mesec obravnava zanimivo, premišljeno izbrano temo. Predstavlja različna področja: kulturno in estetsko vzgojo, socialno učenje, šport, družboslovje, naravoslovje, tehniko … njene vsebine pripravljajo strokovnjaki in so prilagojene predšolskim otrokom oziroma učencem prvega triletja. Preko pripravljenih vsebin se otroke motivira, da sami postavljajo vprašanja in iščejo odgovore v različnih virih.</p>



<p></p>



<p><strong>MOJA PRAVLJICA</strong></p>



<p>Dejavnost je namenjena otrokom za izboljšanje razumevanja slovenskega jezika in krepitvi jezikovnih spretnosti. Predšolsko obdobje je za razvoj govora eno najpomembnejših. V tem obdobju jezikovne dejavnosti v vrtcu vključujejo široko polje sodelovanja in komunikacijo z odraslimi, otroki, seznanjanje s pisnim jezikom. Z izvajanjem bodo pričeli v oktobru 2025, in sicer enkrat tedensko v enoti Sežana in v enoti Hrpelje tekom bivanja otrok v vrtcu.</p>



<p></p>



<p><strong>PLANINSKA DEJAVNOST GOJZARČKI</strong></p>



<p>Planinska srečanja so namenjena predšolskim otrokom in spodbujajo navajanje na sodelovanje v skupini, razvijanje skladnosti gibanja, druženje s sovrstniki in odraslimi. Skozi organizirane pohode razvijajo naklonjen, spoštljiv odgovoren odnos do žive in nežive narave. Srečevali se bodo enkrat do dvakrat mesečno, izvedli bodo 4 pohode v okolici ob sobotah ali nedeljah. Pohodi so v spremstvu staršev. Dejavnost se bo izvajala v enoti Sežana, Dutovlje in Hrpelje.</p>



<p></p>



<p><strong>FOLKLORNA DEJAVNOST OFS KAMENČKI</strong></p>



<p>V enoti Sežana se izvaja otroška Folklorna dejavnost. Vaje potekajo enkrat tedensko, namenjene so otrokom v starosti 5-6 let in 4-5 let. Otroci bodo preko igre spoznavali ljudske plese, pesmi, glasbila in različne zvrsti ljudske umetnosti. Spoznali bodo tudi oblačila, obutev, pokrivala, frizure ter stare fotografije, ki nas povezujejo z našo kulturno tradicijo.</p>



<p><strong>PEVSKI ZBOR</strong></p>



<p>V enoti Divača se Pevski zbor vrtca Divača, bodo obiskovali otroci stari od 5-6 let. Vaje bodo potekale enkrat tedensko po 30 min in sicer ob sredah, od 7.30-8.00. Zbor bo obiskovalo 26 otrok. Na pevskih vajah bomo preko gibalnih, rajalnih, didaktičnih in plesnih iger usvajali nove otroške pesmi, saj sta glasba in gibanje za otroka v predšolskem obdobju nedeljiva celota. Pri petju v zboru se bodo otroci navajali na skupinsko petje, pravilno dihanje, pozorni bodo&nbsp; na skupni začetek, zaključek pesmi, artikulacijo, tempo, agogiko, dinamiko in dikcijo. Otroci se bodo navajali na to, da preglasno in kričavo petje škoduje glasu. Velik pomen pri tem ima zgled mentorja, saj se otroci v predšolskem obdobju učijo peti po metodi imitacije. Otroci se bodo navajli na usmerjanje pozornosti na zborovodjo.</p>



<p>Pevski zbor vrtca Divača bo sodeloval na prireditvah, ki bodo potekale v vrtcu, šoli, v bližnji okolici ob različnih priložnostih (Kulturni dan, prazniki, sodelovanje z Občino Divača, Pomladni bazar, druge enote vrtca,…).</p>



<p><strong>ZDRAVJE V VRTCU</strong></p>



<p>Rdeča nit v šolskem letu 2025/26 bo tema <em>Male roke gradijo velika prijateljstva.</em></p>



<p>Program Zdravje v vrtcu deluje pod okriljem NIJZ in je usmerjen v promocijo zdravega načina življenja, celostno krepitev zdravja ter spodbujanje dobrega počutja otrok, strokovnih delavcev, staršev in širše skupnosti. V vrtcih vključuje aktivnosti, ki prispevajo k telesnemu, duševnemu, socialnemu in okoljskemu zdravju.</p>



<p>V šolskem letu 2025/26 nas bo povezovala rdeča nit »Male roke gradijo velika prijateljstva«, s katero se bomo osredotočali na spodbujanje pozitivnih medosebnih odnosov, preprečevanje nasilnega in neželenega vedenja ter oblikovanje varnega, vključujočega in spodbudnega vrtčevskega okolja. Poseben poudarek bo na razvijanju socialnih in čustvenih kompetenc otrok, sodelovanju s starši ter gradnji zaupanja in prijateljskih vezi med vsemi vključenimi v življenje vrtca. Izvajali bodo tudi različne dejavnosti za spodbujanje zdravega in varnega življenjskega sloga. Posebno pozornost bodo namenili ozaveščanju o zdravem prehranjevanju in pridelavi hrane, spodbujanju rednega gibanja in telesne dejavnosti, izvajanju vaj sproščanja in joge ter skrbi za varnost otrok v prometu. Sodelovali bodo z zdravstvenim domom in drugimi strokovnjaki, ki bodo z obiski in delavnicami prispevali k dvigu ozaveščenosti o zdravju in dobrem počutju. Dejavnosti bodo načrtovali skladno z interesi otrok in strokovnih delavcev ter jih prilagajali potrebam posamezne skupine. V okviru regijske specifične naloge se bodo v sodelovanju z regijsko koordinatorico povezali pri izvedbi skupne aktivnosti (izdelava didaktične igrače/pripomočka), ki bo podpirala rdečo nit programa. Z izvajanjem programa bodo otrokom omogočili varno, spodbudno in sodelovalno okolje, v katerem bodo gradili prijateljske vezi, krepili občutek pripadnosti ter razvijali socialne in čustvene spretnosti, hkrati pa pridobivali zdrave življenjske navade za prihodnost.</p>



<p><a rel="noreferrer noopener" href="https://zalozba.upr.si/umetnost-v-vzgoji-v-vrtcih-in-solah/" target="_blank"><mark style="background-color:rgba(0, 0, 0, 0);color:#1e97ab" class="has-inline-color">Umetnost v vzgoji v vrtcih in šolah | Založba Univerze na Primorskem (upr.si)</mark></a></p>

<p>OSTALI PROJEKTI IN DEJAVNOSTI PARTNERSTVO ZA OHRANITEV IN POPULARIZACIJO KRAŠKE SUHOZIDNE GRADNJE Vrtec Sežana se je leta 2014 kot partner pridružil konzorciju, katerega namen je ohranitev in popularizacija kraške suhozidne gradnje, v projekt so vključene institucije z obeh strani meje. V letošnjem&#8230;</p>
