{"id":389,"date":"2023-11-10T19:14:21","date_gmt":"2023-11-10T18:14:21","guid":{"rendered":"http:\/\/977.ablak.arnes.si\/?page_id=389"},"modified":"2024-08-30T12:44:47","modified_gmt":"2024-08-30T11:44:47","slug":"enota-tomaj","status":"publish","type":"page","link":"https:\/\/vrtec-sezana.si\/?page_id=389","title":{"rendered":"Enota TOMAJ"},"content":{"rendered":"\n<div class=\"wp-block-columns is-layout-flex wp-container-9 wp-block-columns-is-layout-flex\">\n<div class=\"wp-block-column is-layout-flow wp-block-column-is-layout-flow\" style=\"flex-basis:66.66%\">\n<div class=\"wp-block-columns is-layout-flex wp-container-2 wp-block-columns-is-layout-flex\">\n<div class=\"wp-block-column is-layout-flow wp-block-column-is-layout-flow\">\n<p><i class=\"fas fa-map-marker-alt\"><\/i> <strong>Tomaj 63, 6221 Dutovlje<\/strong><\/p>\n<\/div>\n<\/div>\n\n\n\n<figure class=\"wp-block-table is-style-regular\"><table class=\"has-background\" style=\"background-color:#abb7c242\"><thead><tr><th><\/th><th>TOMAJ<\/th><\/tr><\/thead><tbody><tr><td><i class=\"fas fa-phone-volume\"><\/i><\/td><td>+386 (0) 5 73 18 295<br>+386 (0) 51 277 480<\/td><\/tr><tr><td><i class=\"fas fa-envelope\"><\/i><\/td><td>enota.tomaj@guest.arnes.si<\/td><\/tr><tr><td><i class=\"fas fa-clock\"><\/i><\/td><td>6:45 do 16:30<\/td><\/tr><\/tbody><\/table><\/figure>\n\n\n\n<div class=\"wp-block-columns is-layout-flex wp-container-6 wp-block-columns-is-layout-flex\">\n<div class=\"wp-block-column is-layout-flow wp-block-column-is-layout-flow\" style=\"flex-basis:66.66%\">\n<p>Vrtec Tomaj se nahaja v osr\u010dju zgornjega Krasa, v lepi kra\u0161ki vasici Tomaj. Domujejo v prostoru Osnovne \u0161ole Tomaj. V tej hi\u0161i je rastel, se u\u010dil in pesnil Sre\u010dko Kosovel. \u0160ola je zelo stara, njeni za\u010detki segajo v leto 1870, sama stavba pa ja stara vsaj 350 let. Vrtec Tomaj je pri\u010del delovati v nedeljo, 9. marca 1980, v okviru praznika dan \u017eena. Za obnovo prostora so veliko sredstev in prostovoljnega dela prispevali krajani sami, pa tudi ob\u010dinska skupnost Otro\u0161kega varstva. Do junija 1981 je vrtec spadal pod Osnovno \u0161olo Dutovlje, nato pa postal enota vzgojno-varstvene organizacije Se\u017eana. 29. avgusta 2008 je vrtec dobil novo podobo, pridobili so garderobo, sanitarije in pisarno. V enoti vrtca se nahaja 1 oddelek. Otroci in strokovne delavke so zelo vpeti v \u017eivljenje na vasi.<\/p>\n\n\n\n<div class=\"wp-block-buttons is-layout-flex wp-block-buttons-is-layout-flex\">\n<div class=\"wp-block-button\"><a class=\"wp-block-button__link wp-element-button\" href=\"http:\/\/977.ablak.arnes.si\/?cat=18\">NOVICE<\/a><\/div>\n<\/div>\n<\/div>\n\n\n\n<div class=\"wp-block-column is-layout-flow wp-block-column-is-layout-flow\" style=\"flex-basis:33.33%\">\n<figure class=\"wp-block-image size-full\"><img decoding=\"async\" loading=\"lazy\" width=\"800\" height=\"600\" src=\"http:\/\/977.ablak.arnes.si\/wp-content\/uploads\/2023\/11\/OpisTomaj.jpg\" alt=\"\" class=\"wp-image-486\" srcset=\"https:\/\/vrtec-sezana.si\/wp-content\/uploads\/2023\/11\/OpisTomaj.jpg 800w, https:\/\/vrtec-sezana.si\/wp-content\/uploads\/2023\/11\/OpisTomaj-300x225.jpg 300w, https:\/\/vrtec-sezana.si\/wp-content\/uploads\/2023\/11\/OpisTomaj-768x576.jpg 768w\" sizes=\"(max-width: 800px) 100vw, 800px\" \/><\/figure>\n<\/div>\n<\/div>\n<\/div>\n\n\n\n<div class=\"wp-block-column is-layout-flow wp-block-column-is-layout-flow\" style=\"flex-basis:33.33%\">\n<p>FOTOGALERIJE<\/p>\n\n\n\n<hr class=\"wp-block-separator has-alpha-channel-opacity is-style-wide\"\/>\n\n\n<ul class=\"wp-block-latest-posts__list has-dates wp-block-latest-posts\"><li><div class=\"wp-block-latest-posts__featured-image\"><img loading=\"lazy\" width=\"150\" height=\"150\" src=\"https:\/\/vrtec-sezana.si\/wp-content\/uploads\/2025\/06\/koza-150x150.jpg\" class=\"attachment-thumbnail size-thumbnail wp-post-image\" alt=\"\" decoding=\"async\" style=\"\" \/><\/div><a class=\"wp-block-latest-posts__post-title\" href=\"https:\/\/vrtec-sezana.si\/?p=25626\">Pridni kot mravljice<\/a><time datetime=\"2025-06-01T19:15:47+01:00\" class=\"wp-block-latest-posts__post-date\">01.06.2025<\/time><\/li>\n<li><div class=\"wp-block-latest-posts__featured-image\"><img loading=\"lazy\" width=\"150\" height=\"150\" src=\"https:\/\/vrtec-sezana.si\/wp-content\/uploads\/2025\/02\/Kosovelova_domacija_v_Tomaju-150x150.jpg\" class=\"attachment-thumbnail size-thumbnail wp-post-image\" alt=\"\" decoding=\"async\" style=\"\" \/><\/div><a class=\"wp-block-latest-posts__post-title\" href=\"https:\/\/vrtec-sezana.si\/?p=21252\">Pre\u0161ernov dan malo druga\u010de<\/a><time datetime=\"2025-02-28T12:06:40+01:00\" class=\"wp-block-latest-posts__post-date\">28.02.2025<\/time><\/li>\n<li><div class=\"wp-block-latest-posts__featured-image\"><img loading=\"lazy\" width=\"150\" height=\"150\" src=\"https:\/\/vrtec-sezana.si\/wp-content\/uploads\/2025\/02\/praznicno-darilo-3-150x150.png\" class=\"attachment-thumbnail size-thumbnail wp-post-image\" alt=\"\" decoding=\"async\" style=\"\" \/><\/div><a class=\"wp-block-latest-posts__post-title\" href=\"https:\/\/vrtec-sezana.si\/?p=21112\">Prazni\u010dna radost za otroke<\/a><time datetime=\"2025-01-03T16:01:31+01:00\" class=\"wp-block-latest-posts__post-date\">03.01.2025<\/time><\/li>\n<li><div class=\"wp-block-latest-posts__featured-image\"><img loading=\"lazy\" width=\"150\" height=\"150\" src=\"https:\/\/vrtec-sezana.si\/wp-content\/uploads\/2023\/11\/TO_nalepka_LOGO-180x200-1-150x150.png\" class=\"attachment-thumbnail size-thumbnail wp-post-image\" alt=\"\" decoding=\"async\" style=\"\" \/><\/div><a class=\"wp-block-latest-posts__post-title\" href=\"https:\/\/vrtec-sezana.si\/?p=463\">TEDEN OTROKA<\/a><time datetime=\"2023-10-11T13:40:06+01:00\" class=\"wp-block-latest-posts__post-date\">11.10.2023<\/time><\/li>\n<\/ul><\/div>\n<\/div>\n\n\n\n<iframe src=\"https:\/\/www.google.com\/maps\/embed?pb=!1m18!1m12!1m3!1d2783.7500644548477!2d13.8516254762646!3d45.75615637108014!2m3!1f0!2f0!3f0!3m2!1i1024!2i768!4f13.1!3m3!1m2!1s0x477b16878f518e97%3A0x8b0f046e77e08a30!2sTomaj%2063%2C%206221%20Dutovlje!5e0!3m2!1ssl!2ssi!4v1699781891150!5m2!1ssl!2ssi\" width=\"800\" height=\"600\" style=\"border:0;\" allowfullscreen=\"\" loading=\"lazy\" referrerpolicy=\"no-referrer-when-downgrade\"><\/iframe>\n","protected":false},"excerpt":{"rendered":"<p>Tomaj 63, 6221 Dutovlje TOMAJ +386 (0) 5 73 18 295+386 (0) 51 277 480 enota.tomaj@guest.arnes.si 6:45 do 16:30 Vrtec Tomaj se nahaja v osr\u010dju zgornjega Krasa, v lepi kra\u0161ki vasici Tomaj. Domujejo v prostoru Osnovne \u0161ole Tomaj. V tej hi\u0161i je \u2026 <a href=\"https:\/\/vrtec-sezana.si\/?page_id=389\" rel=\"noopener noreferrer\">Preberi ve\u010d<\/a><\/p>\n","protected":false},"author":1,"featured_media":424,"parent":0,"menu_order":0,"comment_status":"closed","ping_status":"closed","template":"","meta":{"footnotes":""},"_links":{"self":[{"href":"https:\/\/vrtec-sezana.si\/index.php?rest_route=\/wp\/v2\/pages\/389"}],"collection":[{"href":"https:\/\/vrtec-sezana.si\/index.php?rest_route=\/wp\/v2\/pages"}],"about":[{"href":"https:\/\/vrtec-sezana.si\/index.php?rest_route=\/wp\/v2\/types\/page"}],"author":[{"embeddable":true,"href":"https:\/\/vrtec-sezana.si\/index.php?rest_route=\/wp\/v2\/users\/1"}],"replies":[{"embeddable":true,"href":"https:\/\/vrtec-sezana.si\/index.php?rest_route=%2Fwp%2Fv2%2Fcomments&post=389"}],"version-history":[{"count":24,"href":"https:\/\/vrtec-sezana.si\/index.php?rest_route=\/wp\/v2\/pages\/389\/revisions"}],"predecessor-version":[{"id":15006,"href":"https:\/\/vrtec-sezana.si\/index.php?rest_route=\/wp\/v2\/pages\/389\/revisions\/15006"}],"wp:featuredmedia":[{"embeddable":true,"href":"https:\/\/vrtec-sezana.si\/index.php?rest_route=\/wp\/v2\/media\/424"}],"wp:attachment":[{"href":"https:\/\/vrtec-sezana.si\/index.php?rest_route=%2Fwp%2Fv2%2Fmedia&parent=389"}],"curies":[{"name":"wp","href":"https:\/\/api.w.org\/{rel}","templated":true}]}}

<div class="wp-block-columns is-layout-flex wp-container-9 wp-block-columns-is-layout-flex">
<div class="wp-block-column is-layout-flow wp-block-column-is-layout-flow" style="flex-basis:66.66%">
<div class="wp-block-columns is-layout-flex wp-container-2 wp-block-columns-is-layout-flex">
<div class="wp-block-column is-layout-flow wp-block-column-is-layout-flow">
<p><i class="fas fa-map-marker-alt"></i> <strong>Tomaj 63, 6221 Dutovlje</strong></p>
</div>
</div>



<figure class="wp-block-table is-style-regular"><table class="has-background" style="background-color:#abb7c242"><thead><tr><th></th><th>TOMAJ</th></tr></thead><tbody><tr><td><i class="fas fa-phone-volume"></i></td><td>+386 (0) 5 73 18 295<br>+386 (0) 51 277 480</td></tr><tr><td><i class="fas fa-envelope"></i></td><td>enota.tomaj@guest.arnes.si</td></tr><tr><td><i class="fas fa-clock"></i></td><td>6:45 do 16:30</td></tr></tbody></table></figure>



<div class="wp-block-columns is-layout-flex wp-container-6 wp-block-columns-is-layout-flex">
<div class="wp-block-column is-layout-flow wp-block-column-is-layout-flow" style="flex-basis:66.66%">
<p>Vrtec Tomaj se nahaja v osrčju zgornjega Krasa, v lepi kraški vasici Tomaj. Domujejo v prostoru Osnovne šole Tomaj. V tej hiši je rastel, se učil in pesnil Srečko Kosovel. Šola je zelo stara, njeni začetki segajo v leto 1870, sama stavba pa ja stara vsaj 350 let. Vrtec Tomaj je pričel delovati v nedeljo, 9. marca 1980, v okviru praznika dan žena. Za obnovo prostora so veliko sredstev in prostovoljnega dela prispevali krajani sami, pa tudi občinska skupnost Otroškega varstva. Do junija 1981 je vrtec spadal pod Osnovno šolo Dutovlje, nato pa postal enota vzgojno-varstvene organizacije Sežana. 29. avgusta 2008 je vrtec dobil novo podobo, pridobili so garderobo, sanitarije in pisarno. V enoti vrtca se nahaja 1 oddelek. Otroci in strokovne delavke so zelo vpeti v življenje na vasi.</p>



<div class="wp-block-buttons is-layout-flex wp-block-buttons-is-layout-flex">
<div class="wp-block-button"><a class="wp-block-button__link wp-element-button" href="http://977.ablak.arnes.si/?cat=18">NOVICE</a></div>
</div>
</div>



<div class="wp-block-column is-layout-flow wp-block-column-is-layout-flow" style="flex-basis:33.33%">
<figure class="wp-block-image size-full"><img decoding="async" loading="lazy" width="800" height="600" src="http://977.ablak.arnes.si/wp-content/uploads/2023/11/OpisTomaj.jpg" alt="" class="wp-image-486" srcset="https://vrtec-sezana.si/wp-content/uploads/2023/11/OpisTomaj.jpg 800w, https://vrtec-sezana.si/wp-content/uploads/2023/11/OpisTomaj-300x225.jpg 300w, https://vrtec-sezana.si/wp-content/uploads/2023/11/OpisTomaj-768x576.jpg 768w" sizes="(max-width: 800px) 100vw, 800px" /></figure>
</div>
</div>
</div>



<div class="wp-block-column is-layout-flow wp-block-column-is-layout-flow" style="flex-basis:33.33%">
<p>FOTOGALERIJE</p>



<hr class="wp-block-separator has-alpha-channel-opacity is-style-wide"/>


<ul class="wp-block-latest-posts__list has-dates wp-block-latest-posts"><li><div class="wp-block-latest-posts__featured-image"><img loading="lazy" width="150" height="150" src="https://vrtec-sezana.si/wp-content/uploads/2025/06/koza-150x150.jpg" class="attachment-thumbnail size-thumbnail wp-post-image" alt="" decoding="async" style="" /></div><a class="wp-block-latest-posts__post-title" href="https://vrtec-sezana.si/?p=25626">Pridni kot mravljice</a><time datetime="2025-06-01T19:15:47+01:00" class="wp-block-latest-posts__post-date">01.06.2025</time></li>
<li><div class="wp-block-latest-posts__featured-image"><img loading="lazy" width="150" height="150" src="https://vrtec-sezana.si/wp-content/uploads/2025/02/Kosovelova_domacija_v_Tomaju-150x150.jpg" class="attachment-thumbnail size-thumbnail wp-post-image" alt="" decoding="async" style="" /></div><a class="wp-block-latest-posts__post-title" href="https://vrtec-sezana.si/?p=21252">Prešernov dan malo drugače</a><time datetime="2025-02-28T12:06:40+01:00" class="wp-block-latest-posts__post-date">28.02.2025</time></li>
<li><div class="wp-block-latest-posts__featured-image"><img loading="lazy" width="150" height="150" src="https://vrtec-sezana.si/wp-content/uploads/2025/02/praznicno-darilo-3-150x150.png" class="attachment-thumbnail size-thumbnail wp-post-image" alt="" decoding="async" style="" /></div><a class="wp-block-latest-posts__post-title" href="https://vrtec-sezana.si/?p=21112">Praznična radost za otroke</a><time datetime="2025-01-03T16:01:31+01:00" class="wp-block-latest-posts__post-date">03.01.2025</time></li>
<li><div class="wp-block-latest-posts__featured-image"><img loading="lazy" width="150" height="150" src="https://vrtec-sezana.si/wp-content/uploads/2023/11/TO_nalepka_LOGO-180x200-1-150x150.png" class="attachment-thumbnail size-thumbnail wp-post-image" alt="" decoding="async" style="" /></div><a class="wp-block-latest-posts__post-title" href="https://vrtec-sezana.si/?p=463">TEDEN OTROKA</a><time datetime="2023-10-11T13:40:06+01:00" class="wp-block-latest-posts__post-date">11.10.2023</time></li>
</ul></div>
</div>



<iframe src="https://www.google.com/maps/embed?pb=!1m18!1m12!1m3!1d2783.7500644548477!2d13.8516254762646!3d45.75615637108014!2m3!1f0!2f0!3f0!3m2!1i1024!2i768!4f13.1!3m3!1m2!1s0x477b16878f518e97%3A0x8b0f046e77e08a30!2sTomaj%2063%2C%206221%20Dutovlje!5e0!3m2!1ssl!2ssi!4v1699781891150!5m2!1ssl!2ssi" width="800" height="600" style="border:0;" allowfullscreen="" loading="lazy" referrerpolicy="no-referrer-when-downgrade"></iframe>

<p>Tomaj 63, 6221 Dutovlje TOMAJ +386 (0) 5 73 18 295+386 (0) 51 277 480 enota.tomaj@guest.arnes.si 6:45 do 16:30 Vrtec Tomaj se nahaja v osrčju zgornjega Krasa, v lepi kraški vasici Tomaj. Domujejo v prostoru Osnovne šole Tomaj. V tej hiši je … <a href="https://vrtec-sezana.si/?page_id=389" rel="noopener noreferrer">Preberi več</a></p>
