{"id":375,"date":"2023-11-10T19:11:43","date_gmt":"2023-11-10T18:11:43","guid":{"rendered":"http:\/\/977.ablak.arnes.si\/?page_id=375"},"modified":"2024-02-06T10:21:30","modified_gmt":"2024-02-06T09:21:30","slug":"enota-dutovlje","status":"publish","type":"page","link":"https:\/\/vrtec-sezana.si\/?page_id=375","title":{"rendered":"Enota DUTOVLJE"},"content":{"rendered":"\n<div class=\"wp-block-columns is-layout-flex wp-container-9 wp-block-columns-is-layout-flex\">\n<div class=\"wp-block-column is-layout-flow wp-block-column-is-layout-flow\" style=\"flex-basis:66.66%\">\n<div class=\"wp-block-columns is-layout-flex wp-container-2 wp-block-columns-is-layout-flex\">\n<div class=\"wp-block-column is-layout-flow wp-block-column-is-layout-flow\">\n<p><i class=\"fas fa-map-marker-alt\"><\/i><strong> Dutovlje 136, 6221 Dutovlje<\/strong><\/p>\n<\/div>\n<\/div>\n\n\n\n<figure class=\"wp-block-table is-style-regular has-medium-font-size\" style=\"line-height:1\"><table class=\"has-background\" style=\"background-color:#abb7c242\"><thead><tr><th><\/th><th>DUTOVLJE<\/th><\/tr><\/thead><tbody><tr><td><i class=\"fas fa-phone-volume\"><\/i><\/td><td>+386 (0) 5 73 18 294<br>+386 (0) 41 302 138<\/td><\/tr><tr><td><i class=\"fas fa-envelope\"><\/i><\/td><td>enota.dutovlje@guest.arnes.si<\/td><\/tr><tr><td><i class=\"fas fa-clock\"><\/i><\/td><td>6:30 do 16:30<\/td><\/tr><\/tbody><\/table><\/figure>\n\n\n\n<div class=\"wp-block-columns is-layout-flex wp-container-6 wp-block-columns-is-layout-flex\">\n<div class=\"wp-block-column is-layout-flow wp-block-column-is-layout-flow\" style=\"flex-basis:66.66%\">\n<p>Objekt je bil zgrajen leta 1980, 1. februarja 1981 pa so se v Vrtcu Dutovlje prvi\u010d odprla vrata za \u0161tevilne generacije otrok. Vrtec stoji v neposredni bli\u017eini osnovne \u0161ole, kar s pridom izkori\u0161\u010dajo tako, da sodelujejo s \u0161olo na razli\u010dnih ravneh. V vrtcu so \u0161tiri skupine otrok prvega in drugega starostnega obdobja. Bli\u017eina travnikov, vinogradov, gozda in vasi omogo\u010da otrokom ne\u0161teto mo\u017enosti za aktivno pre\u017eivljanje \u010dasa z vrstniki in izvajanje dejavnosti v tako imenovanih naravnih u\u010dilnicah. Vsak otrok, ki je obiskoval vrtec v Dutovljah, pozna pot Janka in Metke, Kostanjeve ku\u010dke, kamniti most \u010dez \u017eeleznico ali pot v Skopo, kjer lahko opazuje ovce, konje in koze. Spro\u0161\u010deno gibanje, raziskovanje in opazovanje v naravnem okolju je del vsakdana, obenem pa je pomembno, da se otroci po\u010dutijo prijetno in varno, da so star\u0161i zadovoljni in je vsem, ki se v vrtcu sre\u010dujejo, preprosto lepo.<\/p>\n\n\n\n<div class=\"wp-block-buttons is-layout-flex wp-block-buttons-is-layout-flex\">\n<div class=\"wp-block-button\"><a class=\"wp-block-button__link wp-element-button\" href=\"http:\/\/977.ablak.arnes.si\/?cat=11\">NOVICE<\/a><\/div>\n<\/div>\n<\/div>\n\n\n\n<div class=\"wp-block-column is-layout-flow wp-block-column-is-layout-flow\" style=\"flex-basis:33.33%\">\n<figure class=\"wp-block-image size-full\"><img decoding=\"async\" loading=\"lazy\" width=\"800\" height=\"600\" src=\"http:\/\/977.ablak.arnes.si\/wp-content\/uploads\/2023\/11\/OpisDutovlje.jpg\" alt=\"\" class=\"wp-image-531\" srcset=\"https:\/\/vrtec-sezana.si\/wp-content\/uploads\/2023\/11\/OpisDutovlje.jpg 800w, https:\/\/vrtec-sezana.si\/wp-content\/uploads\/2023\/11\/OpisDutovlje-300x225.jpg 300w, https:\/\/vrtec-sezana.si\/wp-content\/uploads\/2023\/11\/OpisDutovlje-768x576.jpg 768w\" sizes=\"(max-width: 800px) 100vw, 800px\" \/><\/figure>\n<\/div>\n<\/div>\n<\/div>\n\n\n\n<div class=\"wp-block-column is-layout-flow wp-block-column-is-layout-flow\" style=\"flex-basis:33.33%\">\n<p>FOTOGALERIJA<\/p>\n\n\n\n<hr class=\"wp-block-separator has-alpha-channel-opacity is-style-wide\"\/>\n\n\n<ul class=\"wp-block-latest-posts__list has-dates wp-block-latest-posts\"><li><div class=\"wp-block-latest-posts__featured-image\"><img loading=\"lazy\" width=\"150\" height=\"150\" src=\"https:\/\/vrtec-sezana.si\/wp-content\/uploads\/2026\/04\/Collage_20260401_140401017-150x150.jpg\" class=\"attachment-thumbnail size-thumbnail wp-post-image\" alt=\"\" decoding=\"async\" style=\"\" \/><\/div><a class=\"wp-block-latest-posts__post-title\" href=\"https:\/\/vrtec-sezana.si\/?p=35488\">Otroci &#8211; mali ustvarjalci<\/a><time datetime=\"2026-04-13T14:39:26+01:00\" class=\"wp-block-latest-posts__post-date\">13.04.2026<\/time><\/li>\n<li><div class=\"wp-block-latest-posts__featured-image\"><img loading=\"lazy\" width=\"150\" height=\"150\" src=\"https:\/\/vrtec-sezana.si\/wp-content\/uploads\/2026\/04\/1775561025037-150x150.jpg\" class=\"attachment-thumbnail size-thumbnail wp-post-image\" alt=\"\" decoding=\"async\" style=\"\" \/><\/div><a class=\"wp-block-latest-posts__post-title\" href=\"https:\/\/vrtec-sezana.si\/?p=35225\">Praznovanje pomladi v vrtcu Dutovlje v znamenju svetovnega dne poezije<\/a><time datetime=\"2026-04-07T12:49:11+01:00\" class=\"wp-block-latest-posts__post-date\">07.04.2026<\/time><\/li>\n<li><div class=\"wp-block-latest-posts__featured-image\"><img loading=\"lazy\" width=\"150\" height=\"150\" src=\"https:\/\/vrtec-sezana.si\/wp-content\/uploads\/2026\/03\/1773165532883-150x150.jpg\" class=\"attachment-thumbnail size-thumbnail wp-post-image\" alt=\"\" decoding=\"async\" style=\"\" \/><\/div><a class=\"wp-block-latest-posts__post-title\" href=\"https:\/\/vrtec-sezana.si\/?p=34336\">Dan \u017eena v na\u0161em vrtcu<\/a><time datetime=\"2026-03-10T19:15:35+01:00\" class=\"wp-block-latest-posts__post-date\">10.03.2026<\/time><\/li>\n<li><div class=\"wp-block-latest-posts__featured-image\"><img loading=\"lazy\" width=\"150\" height=\"150\" src=\"https:\/\/vrtec-sezana.si\/wp-content\/uploads\/2026\/03\/20260228_104857-150x150.jpg\" class=\"attachment-thumbnail size-thumbnail wp-post-image\" alt=\"\" decoding=\"async\" style=\"\" \/><\/div><a class=\"wp-block-latest-posts__post-title\" href=\"https:\/\/vrtec-sezana.si\/?p=34226\">Gojzar\u010dki \u2013 zimski pohod na \u0160ilentabor<\/a><time datetime=\"2026-03-05T12:19:49+01:00\" class=\"wp-block-latest-posts__post-date\">05.03.2026<\/time><\/li>\n<li><div class=\"wp-block-latest-posts__featured-image\"><img loading=\"lazy\" width=\"150\" height=\"150\" src=\"https:\/\/vrtec-sezana.si\/wp-content\/uploads\/2026\/03\/1772360313643-150x150.jpg\" class=\"attachment-thumbnail size-thumbnail wp-post-image\" alt=\"\" decoding=\"async\" style=\"\" \/><\/div><a class=\"wp-block-latest-posts__post-title\" href=\"https:\/\/vrtec-sezana.si\/?p=34136\">Pustno rajanje v vrtcu Dutovlje<\/a><time datetime=\"2026-03-01T11:21:59+01:00\" class=\"wp-block-latest-posts__post-date\">01.03.2026<\/time><\/li>\n<\/ul><\/div>\n<\/div>\n\n\n\n<iframe src=\"https:\/\/www.google.com\/maps\/embed?pb=!1m18!1m12!1m3!1d2783.5115983288138!2d13.826439676264838!3d45.76093647108032!2m3!1f0!2f0!3f0!3m2!1i1024!2i768!4f13.1!3m3!1m2!1s0x477b16a2cd083aeb%3A0xbe1afef95fbee893!2sDutovlje%20136%2C%206221%20Dutovlje!5e0!3m2!1ssl!2ssi!4v1699782729346!5m2!1ssl!2ssi\" width=\"800\" height=\"600\" style=\"border:0;\" allowfullscreen=\"\" loading=\"lazy\" referrerpolicy=\"no-referrer-when-downgrade\"><\/iframe>\n\n\n\n<p><\/p>\n","protected":false},"excerpt":{"rendered":"<p>Dutovlje 136, 6221 Dutovlje DUTOVLJE +386 (0) 5 73 18 294+386 (0) 41 302 138 enota.dutovlje@guest.arnes.si 6:30 do 16:30 Objekt je bil zgrajen leta 1980, 1. februarja 1981 pa so se v Vrtcu Dutovlje prvi\u010d odprla vrata za \u0161tevilne generacije otrok. Vrtec \u2026 <a href=\"https:\/\/vrtec-sezana.si\/?page_id=375\" rel=\"noopener noreferrer\">Preberi ve\u010d<\/a><\/p>\n","protected":false},"author":1,"featured_media":416,"parent":0,"menu_order":0,"comment_status":"closed","ping_status":"closed","template":"","meta":{"footnotes":""},"_links":{"self":[{"href":"https:\/\/vrtec-sezana.si\/index.php?rest_route=\/wp\/v2\/pages\/375"}],"collection":[{"href":"https:\/\/vrtec-sezana.si\/index.php?rest_route=\/wp\/v2\/pages"}],"about":[{"href":"https:\/\/vrtec-sezana.si\/index.php?rest_route=\/wp\/v2\/types\/page"}],"author":[{"embeddable":true,"href":"https:\/\/vrtec-sezana.si\/index.php?rest_route=\/wp\/v2\/users\/1"}],"replies":[{"embeddable":true,"href":"https:\/\/vrtec-sezana.si\/index.php?rest_route=%2Fwp%2Fv2%2Fcomments&post=375"}],"version-history":[{"count":8,"href":"https:\/\/vrtec-sezana.si\/index.php?rest_route=\/wp\/v2\/pages\/375\/revisions"}],"predecessor-version":[{"id":5951,"href":"https:\/\/vrtec-sezana.si\/index.php?rest_route=\/wp\/v2\/pages\/375\/revisions\/5951"}],"wp:featuredmedia":[{"embeddable":true,"href":"https:\/\/vrtec-sezana.si\/index.php?rest_route=\/wp\/v2\/media\/416"}],"wp:attachment":[{"href":"https:\/\/vrtec-sezana.si\/index.php?rest_route=%2Fwp%2Fv2%2Fmedia&parent=375"}],"curies":[{"name":"wp","href":"https:\/\/api.w.org\/{rel}","templated":true}]}}

<div class="wp-block-columns is-layout-flex wp-container-9 wp-block-columns-is-layout-flex">
<div class="wp-block-column is-layout-flow wp-block-column-is-layout-flow" style="flex-basis:66.66%">
<div class="wp-block-columns is-layout-flex wp-container-2 wp-block-columns-is-layout-flex">
<div class="wp-block-column is-layout-flow wp-block-column-is-layout-flow">
<p><i class="fas fa-map-marker-alt"></i><strong> Dutovlje 136, 6221 Dutovlje</strong></p>
</div>
</div>



<figure class="wp-block-table is-style-regular has-medium-font-size" style="line-height:1"><table class="has-background" style="background-color:#abb7c242"><thead><tr><th></th><th>DUTOVLJE</th></tr></thead><tbody><tr><td><i class="fas fa-phone-volume"></i></td><td>+386 (0) 5 73 18 294<br>+386 (0) 41 302 138</td></tr><tr><td><i class="fas fa-envelope"></i></td><td>enota.dutovlje@guest.arnes.si</td></tr><tr><td><i class="fas fa-clock"></i></td><td>6:30 do 16:30</td></tr></tbody></table></figure>



<div class="wp-block-columns is-layout-flex wp-container-6 wp-block-columns-is-layout-flex">
<div class="wp-block-column is-layout-flow wp-block-column-is-layout-flow" style="flex-basis:66.66%">
<p>Objekt je bil zgrajen leta 1980, 1. februarja 1981 pa so se v Vrtcu Dutovlje prvič odprla vrata za številne generacije otrok. Vrtec stoji v neposredni bližini osnovne šole, kar s pridom izkoriščajo tako, da sodelujejo s šolo na različnih ravneh. V vrtcu so štiri skupine otrok prvega in drugega starostnega obdobja. Bližina travnikov, vinogradov, gozda in vasi omogoča otrokom nešteto možnosti za aktivno preživljanje časa z vrstniki in izvajanje dejavnosti v tako imenovanih naravnih učilnicah. Vsak otrok, ki je obiskoval vrtec v Dutovljah, pozna pot Janka in Metke, Kostanjeve kučke, kamniti most čez železnico ali pot v Skopo, kjer lahko opazuje ovce, konje in koze. Sproščeno gibanje, raziskovanje in opazovanje v naravnem okolju je del vsakdana, obenem pa je pomembno, da se otroci počutijo prijetno in varno, da so starši zadovoljni in je vsem, ki se v vrtcu srečujejo, preprosto lepo.</p>



<div class="wp-block-buttons is-layout-flex wp-block-buttons-is-layout-flex">
<div class="wp-block-button"><a class="wp-block-button__link wp-element-button" href="http://977.ablak.arnes.si/?cat=11">NOVICE</a></div>
</div>
</div>



<div class="wp-block-column is-layout-flow wp-block-column-is-layout-flow" style="flex-basis:33.33%">
<figure class="wp-block-image size-full"><img decoding="async" loading="lazy" width="800" height="600" src="http://977.ablak.arnes.si/wp-content/uploads/2023/11/OpisDutovlje.jpg" alt="" class="wp-image-531" srcset="https://vrtec-sezana.si/wp-content/uploads/2023/11/OpisDutovlje.jpg 800w, https://vrtec-sezana.si/wp-content/uploads/2023/11/OpisDutovlje-300x225.jpg 300w, https://vrtec-sezana.si/wp-content/uploads/2023/11/OpisDutovlje-768x576.jpg 768w" sizes="(max-width: 800px) 100vw, 800px" /></figure>
</div>
</div>
</div>



<div class="wp-block-column is-layout-flow wp-block-column-is-layout-flow" style="flex-basis:33.33%">
<p>FOTOGALERIJA</p>



<hr class="wp-block-separator has-alpha-channel-opacity is-style-wide"/>


<ul class="wp-block-latest-posts__list has-dates wp-block-latest-posts"><li><div class="wp-block-latest-posts__featured-image"><img loading="lazy" width="150" height="150" src="https://vrtec-sezana.si/wp-content/uploads/2026/04/Collage_20260401_140401017-150x150.jpg" class="attachment-thumbnail size-thumbnail wp-post-image" alt="" decoding="async" style="" /></div><a class="wp-block-latest-posts__post-title" href="https://vrtec-sezana.si/?p=35488">Otroci &#8211; mali ustvarjalci</a><time datetime="2026-04-13T14:39:26+01:00" class="wp-block-latest-posts__post-date">13.04.2026</time></li>
<li><div class="wp-block-latest-posts__featured-image"><img loading="lazy" width="150" height="150" src="https://vrtec-sezana.si/wp-content/uploads/2026/04/1775561025037-150x150.jpg" class="attachment-thumbnail size-thumbnail wp-post-image" alt="" decoding="async" style="" /></div><a class="wp-block-latest-posts__post-title" href="https://vrtec-sezana.si/?p=35225">Praznovanje pomladi v vrtcu Dutovlje v znamenju svetovnega dne poezije</a><time datetime="2026-04-07T12:49:11+01:00" class="wp-block-latest-posts__post-date">07.04.2026</time></li>
<li><div class="wp-block-latest-posts__featured-image"><img loading="lazy" width="150" height="150" src="https://vrtec-sezana.si/wp-content/uploads/2026/03/1773165532883-150x150.jpg" class="attachment-thumbnail size-thumbnail wp-post-image" alt="" decoding="async" style="" /></div><a class="wp-block-latest-posts__post-title" href="https://vrtec-sezana.si/?p=34336">Dan žena v našem vrtcu</a><time datetime="2026-03-10T19:15:35+01:00" class="wp-block-latest-posts__post-date">10.03.2026</time></li>
<li><div class="wp-block-latest-posts__featured-image"><img loading="lazy" width="150" height="150" src="https://vrtec-sezana.si/wp-content/uploads/2026/03/20260228_104857-150x150.jpg" class="attachment-thumbnail size-thumbnail wp-post-image" alt="" decoding="async" style="" /></div><a class="wp-block-latest-posts__post-title" href="https://vrtec-sezana.si/?p=34226">Gojzarčki – zimski pohod na Šilentabor</a><time datetime="2026-03-05T12:19:49+01:00" class="wp-block-latest-posts__post-date">05.03.2026</time></li>
<li><div class="wp-block-latest-posts__featured-image"><img loading="lazy" width="150" height="150" src="https://vrtec-sezana.si/wp-content/uploads/2026/03/1772360313643-150x150.jpg" class="attachment-thumbnail size-thumbnail wp-post-image" alt="" decoding="async" style="" /></div><a class="wp-block-latest-posts__post-title" href="https://vrtec-sezana.si/?p=34136">Pustno rajanje v vrtcu Dutovlje</a><time datetime="2026-03-01T11:21:59+01:00" class="wp-block-latest-posts__post-date">01.03.2026</time></li>
</ul></div>
</div>



<iframe src="https://www.google.com/maps/embed?pb=!1m18!1m12!1m3!1d2783.5115983288138!2d13.826439676264838!3d45.76093647108032!2m3!1f0!2f0!3f0!3m2!1i1024!2i768!4f13.1!3m3!1m2!1s0x477b16a2cd083aeb%3A0xbe1afef95fbee893!2sDutovlje%20136%2C%206221%20Dutovlje!5e0!3m2!1ssl!2ssi!4v1699782729346!5m2!1ssl!2ssi" width="800" height="600" style="border:0;" allowfullscreen="" loading="lazy" referrerpolicy="no-referrer-when-downgrade"></iframe>



<p></p>

<p>Dutovlje 136, 6221 Dutovlje DUTOVLJE +386 (0) 5 73 18 294+386 (0) 41 302 138 enota.dutovlje@guest.arnes.si 6:30 do 16:30 Objekt je bil zgrajen leta 1980, 1. februarja 1981 pa so se v Vrtcu Dutovlje prvič odprla vrata za številne generacije otrok. Vrtec … <a href="https://vrtec-sezana.si/?page_id=375" rel="noopener noreferrer">Preberi več</a></p>
