{"id":373,"date":"2023-11-10T19:11:15","date_gmt":"2023-11-10T18:11:15","guid":{"rendered":"http:\/\/977.ablak.arnes.si\/?page_id=373"},"modified":"2025-04-14T05:33:19","modified_gmt":"2025-04-14T04:33:19","slug":"enota-hrpelje","status":"publish","type":"page","link":"https:\/\/vrtec-sezana.si\/?page_id=373","title":{"rendered":"Enota HRPELJE"},"content":{"rendered":"\n<div class=\"wp-block-columns is-layout-flex wp-container-9 wp-block-columns-is-layout-flex\">\n<div class=\"wp-block-column is-layout-flow wp-block-column-is-layout-flow\" style=\"flex-basis:66.66%\">\n<div class=\"wp-block-columns is-layout-flex wp-container-2 wp-block-columns-is-layout-flex\">\n<div class=\"wp-block-column is-layout-flow wp-block-column-is-layout-flow\">\n<p><i class=\"fas fa-map-marker-alt\"><\/i> <strong>Ulica Dragomirja Ben\u010di\u010da \u2013 Brkina 4, 6240 Kozina<\/strong><\/p>\n<\/div>\n<\/div>\n\n\n\n<figure class=\"wp-block-table is-style-regular has-medium-font-size\" style=\"line-height:1\"><table class=\"has-background\" style=\"background-color:#abb7c242\"><thead><tr><th><\/th><th>HRPELJE<\/th><\/tr><\/thead><tbody><tr><td>Vhod A<i class=\"fas fa-phone-volume\"><\/i><\/td><td>+386 (0) 51 247 509<br>+386 (0) 5 68 90 240<\/td><\/tr><tr><td>Vhod B<\/td><td>+386 (0) 51 277 494<br>+386 (0) 51 247 508<\/td><\/tr><tr><td><i class=\"fas fa-envelope\"><\/i><\/td><td>enota.hrpelje@guest.arnes.si<\/td><\/tr><tr><td><i class=\"fas fa-clock\"><\/i><\/td><td>6:00 do 16:30<\/td><\/tr><\/tbody><\/table><\/figure>\n\n\n\n<div class=\"wp-block-columns is-layout-flex wp-container-6 wp-block-columns-is-layout-flex\">\n<div class=\"wp-block-column is-layout-flow wp-block-column-is-layout-flow\" style=\"flex-basis:66.66%\">\n<p>Vrtec v Hrpeljah le\u017ei v naselju, ki je bogato z naravnimi in kulturnimi zna\u010dilnostmi. V bli\u017eini se nahaja naravoslovna u\u010dna pot s kalom in \u0161tirn&#8217;co, po kateri se z otroki ve\u010dkrat odpravijo na sprehode in raziskujejo vse, kar jim okolica ponuja. V enoti je 11 oddelkov prvega in drugega starostnega obdobja. Vrtec je bil zaradi priseljevanja v Ob\u010dino Hrpelje \u2013 Kozina in \u0161tevila otrok, dvakrat dograjen. Igralnice imajo terase in skupno igri\u0161\u010de, kjer na raznolikih igralih otroci razvijajo gibalne<br>21<br>spretnosti. V vrtcu deluje kuhinja, kjer pripravljajo obroke tudi za bli\u017enjo osnovno \u0161olo. Strokovne delavke vrtca poskrbijo, da se otroci vklju\u010dujejo v okolje in izkoristijo vse, kar jim mesto ponuja \u2013 obisk knji\u017enice, sodelovanje s \u0161olo, ogled kulturnih in \u0161portnih prireditev ter obisk ostalih institucij v kraju.<\/p>\n\n\n\n<div class=\"wp-block-buttons is-layout-flex wp-block-buttons-is-layout-flex\">\n<div class=\"wp-block-button\"><a class=\"wp-block-button__link wp-element-button\" href=\"http:\/\/977.ablak.arnes.si\/?cat=10\">NOVICE<\/a><\/div>\n<\/div>\n<\/div>\n\n\n\n<div class=\"wp-block-column is-layout-flow wp-block-column-is-layout-flow\" style=\"flex-basis:33.33%\">\n<figure class=\"wp-block-image size-large\"><img decoding=\"async\" loading=\"lazy\" width=\"1024\" height=\"768\" src=\"https:\/\/vrtec-sezana.si\/wp-content\/uploads\/2025\/04\/20250411_071627-1024x768.jpg\" alt=\"\" class=\"wp-image-23696\" srcset=\"https:\/\/vrtec-sezana.si\/wp-content\/uploads\/2025\/04\/20250411_071627-1024x768.jpg 1024w, https:\/\/vrtec-sezana.si\/wp-content\/uploads\/2025\/04\/20250411_071627-300x225.jpg 300w, https:\/\/vrtec-sezana.si\/wp-content\/uploads\/2025\/04\/20250411_071627-768x576.jpg 768w, https:\/\/vrtec-sezana.si\/wp-content\/uploads\/2025\/04\/20250411_071627-1536x1152.jpg 1536w, https:\/\/vrtec-sezana.si\/wp-content\/uploads\/2025\/04\/20250411_071627-2048x1536.jpg 2048w\" sizes=\"(max-width: 1024px) 100vw, 1024px\" \/><\/figure>\n<\/div>\n<\/div>\n<\/div>\n\n\n\n<div class=\"wp-block-column is-layout-flow wp-block-column-is-layout-flow\" style=\"flex-basis:33.33%\">\n<p>FOTOGALERIJA<\/p>\n\n\n\n<hr class=\"wp-block-separator has-alpha-channel-opacity is-style-wide\"\/>\n\n\n<ul class=\"wp-block-latest-posts__list has-dates wp-block-latest-posts\"><li><div class=\"wp-block-latest-posts__featured-image\"><img loading=\"lazy\" width=\"150\" height=\"150\" src=\"https:\/\/vrtec-sezana.si\/wp-content\/uploads\/2026\/05\/1-150x150.jpg\" class=\"attachment-thumbnail size-thumbnail wp-post-image\" alt=\"\" decoding=\"async\" style=\"\" \/><\/div><a class=\"wp-block-latest-posts__post-title\" href=\"https:\/\/vrtec-sezana.si\/?p=35989\">Jaz in moja dru\u017eina<\/a><time datetime=\"2026-05-01T10:46:16+01:00\" class=\"wp-block-latest-posts__post-date\">01.05.2026<\/time><\/li>\n<li><div class=\"wp-block-latest-posts__featured-image\"><img loading=\"lazy\" width=\"150\" height=\"150\" src=\"https:\/\/vrtec-sezana.si\/wp-content\/uploads\/2026\/04\/1000_F_288870846_d6UdjHudyTgalRXWceQ1OKZkZcVSNqEq-150x150.jpg\" class=\"attachment-thumbnail size-thumbnail wp-post-image\" alt=\"\" decoding=\"async\" style=\"\" \/><\/div><a class=\"wp-block-latest-posts__post-title\" href=\"https:\/\/vrtec-sezana.si\/?p=35826\">Ko bom velik\/a bom postal\/a \u2026 2. del<\/a><time datetime=\"2026-04-24T12:29:13+01:00\" class=\"wp-block-latest-posts__post-date\">24.04.2026<\/time><\/li>\n<li><div class=\"wp-block-latest-posts__featured-image\"><img loading=\"lazy\" width=\"150\" height=\"150\" src=\"https:\/\/vrtec-sezana.si\/wp-content\/uploads\/2026\/04\/1000_F_288870846_d6UdjHudyTgalRXWceQ1OKZkZcVSNqEq-150x150.jpg\" class=\"attachment-thumbnail size-thumbnail wp-post-image\" alt=\"\" decoding=\"async\" style=\"\" \/><\/div><a class=\"wp-block-latest-posts__post-title\" href=\"https:\/\/vrtec-sezana.si\/?p=35802\">Ko bom velik\/a bom postal\/a \u2026 1. del<\/a><time datetime=\"2026-04-24T12:24:21+01:00\" class=\"wp-block-latest-posts__post-date\">24.04.2026<\/time><\/li>\n<li><div class=\"wp-block-latest-posts__featured-image\"><img loading=\"lazy\" width=\"150\" height=\"150\" src=\"https:\/\/vrtec-sezana.si\/wp-content\/uploads\/2026\/04\/IMG_4283-150x150.jpeg\" class=\"attachment-thumbnail size-thumbnail wp-post-image\" alt=\"\" decoding=\"async\" style=\"\" \/><\/div><a class=\"wp-block-latest-posts__post-title\" href=\"https:\/\/vrtec-sezana.si\/?p=35572\">Sre\u010danje s star\u0161i pri gasilcih v Materiji<\/a><time datetime=\"2026-04-15T12:50:11+01:00\" class=\"wp-block-latest-posts__post-date\">15.04.2026<\/time><\/li>\n<li><div class=\"wp-block-latest-posts__featured-image\"><img loading=\"lazy\" width=\"150\" height=\"150\" src=\"https:\/\/vrtec-sezana.si\/wp-content\/uploads\/2026\/04\/Slika-FIT-DAN-150x150.png\" class=\"attachment-thumbnail size-thumbnail wp-post-image\" alt=\"\" decoding=\"async\" style=\"\" srcset=\"https:\/\/vrtec-sezana.si\/wp-content\/uploads\/2026\/04\/Slika-FIT-DAN-150x150.png 150w, https:\/\/vrtec-sezana.si\/wp-content\/uploads\/2026\/04\/Slika-FIT-DAN-300x300.png 300w, https:\/\/vrtec-sezana.si\/wp-content\/uploads\/2026\/04\/Slika-FIT-DAN-1024x1024.png 1024w, https:\/\/vrtec-sezana.si\/wp-content\/uploads\/2026\/04\/Slika-FIT-DAN-768x768.png 768w, https:\/\/vrtec-sezana.si\/wp-content\/uploads\/2026\/04\/Slika-FIT-DAN-1536x1536.png 1536w, https:\/\/vrtec-sezana.si\/wp-content\/uploads\/2026\/04\/Slika-FIT-DAN-2048x2048.png 2048w\" sizes=\"(max-width: 150px) 100vw, 150px\" \/><\/div><a class=\"wp-block-latest-posts__post-title\" href=\"https:\/\/vrtec-sezana.si\/?p=35368\">Fit dan v enoti Hrpelje<\/a><time datetime=\"2026-04-10T10:55:59+01:00\" class=\"wp-block-latest-posts__post-date\">10.04.2026<\/time><\/li>\n<\/ul><\/div>\n<\/div>\n\n\n\n<iframe src=\"https:\/\/www.google.com\/maps\/embed?pb=!1m18!1m12!1m3!1d2791.291295575735!2d13.94390367625625!3d45.604789871076605!2m3!1f0!2f0!3f0!3m2!1i1024!2i768!4f13.1!3m3!1m2!1s0x477b46c88511a385%3A0xd9ea07e0e6bc7cd9!2sUl.%20Dragomirja%20Ben%C4%8Di%C4%8Da%20-%20Brkina%204%2C%206240%20Kozina!5e0!3m2!1ssl!2ssi!4v1699782685974!5m2!1ssl!2ssi\" width=\"800\" height=\"600\" style=\"border:0;\" allowfullscreen=\"\" loading=\"lazy\" referrerpolicy=\"no-referrer-when-downgrade\"><\/iframe>\n\n\n\n<p><\/p>\n","protected":false},"excerpt":{"rendered":"<p>Ulica Dragomirja Ben\u010di\u010da \u2013 Brkina 4, 6240 Kozina HRPELJE Vhod A +386 (0) 51 247 509+386 (0) 5 68 90 240 Vhod B +386 (0) 51 277 494+386 (0) 51 247 508 enota.hrpelje@guest.arnes.si 6:00 do 16:30 Vrtec v Hrpeljah le\u017ei v naselju, \u2026 <a href=\"https:\/\/vrtec-sezana.si\/?page_id=373\" rel=\"noopener noreferrer\">Preberi ve\u010d<\/a><\/p>\n","protected":false},"author":1,"featured_media":415,"parent":0,"menu_order":0,"comment_status":"closed","ping_status":"closed","template":"","meta":{"footnotes":""},"_links":{"self":[{"href":"https:\/\/vrtec-sezana.si\/index.php?rest_route=\/wp\/v2\/pages\/373"}],"collection":[{"href":"https:\/\/vrtec-sezana.si\/index.php?rest_route=\/wp\/v2\/pages"}],"about":[{"href":"https:\/\/vrtec-sezana.si\/index.php?rest_route=\/wp\/v2\/types\/page"}],"author":[{"embeddable":true,"href":"https:\/\/vrtec-sezana.si\/index.php?rest_route=\/wp\/v2\/users\/1"}],"replies":[{"embeddable":true,"href":"https:\/\/vrtec-sezana.si\/index.php?rest_route=%2Fwp%2Fv2%2Fcomments&post=373"}],"version-history":[{"count":8,"href":"https:\/\/vrtec-sezana.si\/index.php?rest_route=\/wp\/v2\/pages\/373\/revisions"}],"predecessor-version":[{"id":23697,"href":"https:\/\/vrtec-sezana.si\/index.php?rest_route=\/wp\/v2\/pages\/373\/revisions\/23697"}],"wp:featuredmedia":[{"embeddable":true,"href":"https:\/\/vrtec-sezana.si\/index.php?rest_route=\/wp\/v2\/media\/415"}],"wp:attachment":[{"href":"https:\/\/vrtec-sezana.si\/index.php?rest_route=%2Fwp%2Fv2%2Fmedia&parent=373"}],"curies":[{"name":"wp","href":"https:\/\/api.w.org\/{rel}","templated":true}]}}

<div class="wp-block-columns is-layout-flex wp-container-9 wp-block-columns-is-layout-flex">
<div class="wp-block-column is-layout-flow wp-block-column-is-layout-flow" style="flex-basis:66.66%">
<div class="wp-block-columns is-layout-flex wp-container-2 wp-block-columns-is-layout-flex">
<div class="wp-block-column is-layout-flow wp-block-column-is-layout-flow">
<p><i class="fas fa-map-marker-alt"></i> <strong>Ulica Dragomirja Benčiča – Brkina 4, 6240 Kozina</strong></p>
</div>
</div>



<figure class="wp-block-table is-style-regular has-medium-font-size" style="line-height:1"><table class="has-background" style="background-color:#abb7c242"><thead><tr><th></th><th>HRPELJE</th></tr></thead><tbody><tr><td>Vhod A<i class="fas fa-phone-volume"></i></td><td>+386 (0) 51 247 509<br>+386 (0) 5 68 90 240</td></tr><tr><td>Vhod B</td><td>+386 (0) 51 277 494<br>+386 (0) 51 247 508</td></tr><tr><td><i class="fas fa-envelope"></i></td><td>enota.hrpelje@guest.arnes.si</td></tr><tr><td><i class="fas fa-clock"></i></td><td>6:00 do 16:30</td></tr></tbody></table></figure>



<div class="wp-block-columns is-layout-flex wp-container-6 wp-block-columns-is-layout-flex">
<div class="wp-block-column is-layout-flow wp-block-column-is-layout-flow" style="flex-basis:66.66%">
<p>Vrtec v Hrpeljah leži v naselju, ki je bogato z naravnimi in kulturnimi značilnostmi. V bližini se nahaja naravoslovna učna pot s kalom in štirn&#8217;co, po kateri se z otroki večkrat odpravijo na sprehode in raziskujejo vse, kar jim okolica ponuja. V enoti je 11 oddelkov prvega in drugega starostnega obdobja. Vrtec je bil zaradi priseljevanja v Občino Hrpelje – Kozina in števila otrok, dvakrat dograjen. Igralnice imajo terase in skupno igrišče, kjer na raznolikih igralih otroci razvijajo gibalne<br>21<br>spretnosti. V vrtcu deluje kuhinja, kjer pripravljajo obroke tudi za bližnjo osnovno šolo. Strokovne delavke vrtca poskrbijo, da se otroci vključujejo v okolje in izkoristijo vse, kar jim mesto ponuja – obisk knjižnice, sodelovanje s šolo, ogled kulturnih in športnih prireditev ter obisk ostalih institucij v kraju.</p>



<div class="wp-block-buttons is-layout-flex wp-block-buttons-is-layout-flex">
<div class="wp-block-button"><a class="wp-block-button__link wp-element-button" href="http://977.ablak.arnes.si/?cat=10">NOVICE</a></div>
</div>
</div>



<div class="wp-block-column is-layout-flow wp-block-column-is-layout-flow" style="flex-basis:33.33%">
<figure class="wp-block-image size-large"><img decoding="async" loading="lazy" width="1024" height="768" src="https://vrtec-sezana.si/wp-content/uploads/2025/04/20250411_071627-1024x768.jpg" alt="" class="wp-image-23696" srcset="https://vrtec-sezana.si/wp-content/uploads/2025/04/20250411_071627-1024x768.jpg 1024w, https://vrtec-sezana.si/wp-content/uploads/2025/04/20250411_071627-300x225.jpg 300w, https://vrtec-sezana.si/wp-content/uploads/2025/04/20250411_071627-768x576.jpg 768w, https://vrtec-sezana.si/wp-content/uploads/2025/04/20250411_071627-1536x1152.jpg 1536w, https://vrtec-sezana.si/wp-content/uploads/2025/04/20250411_071627-2048x1536.jpg 2048w" sizes="(max-width: 1024px) 100vw, 1024px" /></figure>
</div>
</div>
</div>



<div class="wp-block-column is-layout-flow wp-block-column-is-layout-flow" style="flex-basis:33.33%">
<p>FOTOGALERIJA</p>



<hr class="wp-block-separator has-alpha-channel-opacity is-style-wide"/>


<ul class="wp-block-latest-posts__list has-dates wp-block-latest-posts"><li><div class="wp-block-latest-posts__featured-image"><img loading="lazy" width="150" height="150" src="https://vrtec-sezana.si/wp-content/uploads/2026/05/1-150x150.jpg" class="attachment-thumbnail size-thumbnail wp-post-image" alt="" decoding="async" style="" /></div><a class="wp-block-latest-posts__post-title" href="https://vrtec-sezana.si/?p=35989">Jaz in moja družina</a><time datetime="2026-05-01T10:46:16+01:00" class="wp-block-latest-posts__post-date">01.05.2026</time></li>
<li><div class="wp-block-latest-posts__featured-image"><img loading="lazy" width="150" height="150" src="https://vrtec-sezana.si/wp-content/uploads/2026/04/1000_F_288870846_d6UdjHudyTgalRXWceQ1OKZkZcVSNqEq-150x150.jpg" class="attachment-thumbnail size-thumbnail wp-post-image" alt="" decoding="async" style="" /></div><a class="wp-block-latest-posts__post-title" href="https://vrtec-sezana.si/?p=35826">Ko bom velik/a bom postal/a … 2. del</a><time datetime="2026-04-24T12:29:13+01:00" class="wp-block-latest-posts__post-date">24.04.2026</time></li>
<li><div class="wp-block-latest-posts__featured-image"><img loading="lazy" width="150" height="150" src="https://vrtec-sezana.si/wp-content/uploads/2026/04/1000_F_288870846_d6UdjHudyTgalRXWceQ1OKZkZcVSNqEq-150x150.jpg" class="attachment-thumbnail size-thumbnail wp-post-image" alt="" decoding="async" style="" /></div><a class="wp-block-latest-posts__post-title" href="https://vrtec-sezana.si/?p=35802">Ko bom velik/a bom postal/a … 1. del</a><time datetime="2026-04-24T12:24:21+01:00" class="wp-block-latest-posts__post-date">24.04.2026</time></li>
<li><div class="wp-block-latest-posts__featured-image"><img loading="lazy" width="150" height="150" src="https://vrtec-sezana.si/wp-content/uploads/2026/04/IMG_4283-150x150.jpeg" class="attachment-thumbnail size-thumbnail wp-post-image" alt="" decoding="async" style="" /></div><a class="wp-block-latest-posts__post-title" href="https://vrtec-sezana.si/?p=35572">Srečanje s starši pri gasilcih v Materiji</a><time datetime="2026-04-15T12:50:11+01:00" class="wp-block-latest-posts__post-date">15.04.2026</time></li>
<li><div class="wp-block-latest-posts__featured-image"><img loading="lazy" width="150" height="150" src="https://vrtec-sezana.si/wp-content/uploads/2026/04/Slika-FIT-DAN-150x150.png" class="attachment-thumbnail size-thumbnail wp-post-image" alt="" decoding="async" style="" srcset="https://vrtec-sezana.si/wp-content/uploads/2026/04/Slika-FIT-DAN-150x150.png 150w, https://vrtec-sezana.si/wp-content/uploads/2026/04/Slika-FIT-DAN-300x300.png 300w, https://vrtec-sezana.si/wp-content/uploads/2026/04/Slika-FIT-DAN-1024x1024.png 1024w, https://vrtec-sezana.si/wp-content/uploads/2026/04/Slika-FIT-DAN-768x768.png 768w, https://vrtec-sezana.si/wp-content/uploads/2026/04/Slika-FIT-DAN-1536x1536.png 1536w, https://vrtec-sezana.si/wp-content/uploads/2026/04/Slika-FIT-DAN-2048x2048.png 2048w" sizes="(max-width: 150px) 100vw, 150px" /></div><a class="wp-block-latest-posts__post-title" href="https://vrtec-sezana.si/?p=35368">Fit dan v enoti Hrpelje</a><time datetime="2026-04-10T10:55:59+01:00" class="wp-block-latest-posts__post-date">10.04.2026</time></li>
</ul></div>
</div>



<iframe src="https://www.google.com/maps/embed?pb=!1m18!1m12!1m3!1d2791.291295575735!2d13.94390367625625!3d45.604789871076605!2m3!1f0!2f0!3f0!3m2!1i1024!2i768!4f13.1!3m3!1m2!1s0x477b46c88511a385%3A0xd9ea07e0e6bc7cd9!2sUl.%20Dragomirja%20Ben%C4%8Di%C4%8Da%20-%20Brkina%204%2C%206240%20Kozina!5e0!3m2!1ssl!2ssi!4v1699782685974!5m2!1ssl!2ssi" width="800" height="600" style="border:0;" allowfullscreen="" loading="lazy" referrerpolicy="no-referrer-when-downgrade"></iframe>



<p></p>

<p>Ulica Dragomirja Benčiča – Brkina 4, 6240 Kozina HRPELJE Vhod A +386 (0) 51 247 509+386 (0) 5 68 90 240 Vhod B +386 (0) 51 277 494+386 (0) 51 247 508 enota.hrpelje@guest.arnes.si 6:00 do 16:30 Vrtec v Hrpeljah leži v naselju, … <a href="https://vrtec-sezana.si/?page_id=373" rel="noopener noreferrer">Preberi več</a></p>
