{"id":28652,"date":"2025-10-07T18:58:37","date_gmt":"2025-10-07T17:58:37","guid":{"rendered":"https:\/\/vrtec-sezana.si\/?page_id=28652"},"modified":"2025-10-07T18:58:37","modified_gmt":"2025-10-07T17:58:37","slug":"zacetni-utrinki-solskega-leta-v-vrtcu-senozece","status":"publish","type":"page","link":"https:\/\/vrtec-sezana.si\/?page_id=28652","title":{"rendered":"Za\u010detni utrinki \u0161olskega leta v vrtcu Seno\u017ee\u010de"},"content":{"rendered":"","protected":true},"excerpt":{"rendered":"","protected":true},"author":24,"featured_media":28674,"parent":0,"menu_order":0,"comment_status":"closed","ping_status":"closed","template":"","meta":{"footnotes":""},"_links":{"self":[{"href":"https:\/\/vrtec-sezana.si\/index.php?rest_route=\/wp\/v2\/pages\/28652"}],"collection":[{"href":"https:\/\/vrtec-sezana.si\/index.php?rest_route=\/wp\/v2\/pages"}],"about":[{"href":"https:\/\/vrtec-sezana.si\/index.php?rest_route=\/wp\/v2\/types\/page"}],"author":[{"embeddable":true,"href":"https:\/\/vrtec-sezana.si\/index.php?rest_route=\/wp\/v2\/users\/24"}],"replies":[{"embeddable":true,"href":"https:\/\/vrtec-sezana.si\/index.php?rest_route=%2Fwp%2Fv2%2Fcomments&post=28652"}],"version-history":[{"count":1,"href":"https:\/\/vrtec-sezana.si\/index.php?rest_route=\/wp\/v2\/pages\/28652\/revisions"}],"predecessor-version":[{"id":28675,"href":"https:\/\/vrtec-sezana.si\/index.php?rest_route=\/wp\/v2\/pages\/28652\/revisions\/28675"}],"wp:featuredmedia":[{"embeddable":true,"href":"https:\/\/vrtec-sezana.si\/index.php?rest_route=\/wp\/v2\/media\/28674"}],"wp:attachment":[{"href":"https:\/\/vrtec-sezana.si\/index.php?rest_route=%2Fwp%2Fv2%2Fmedia&parent=28652"}],"curies":[{"name":"wp","href":"https:\/\/api.w.org\/{rel}","templated":true}]}}

Začetni utrinki šolskega leta v vrtcu Senožeče
