{"id":19950,"date":"2025-01-09T09:44:10","date_gmt":"2025-01-09T08:44:10","guid":{"rendered":"https:\/\/vrtec-sezana.si\/?page_id=19950"},"modified":"2025-01-09T09:44:10","modified_gmt":"2025-01-09T08:44:10","slug":"vesele-decembrske-dogodivscine-v-skupini-cebelice","status":"publish","type":"page","link":"https:\/\/vrtec-sezana.si\/?page_id=19950","title":{"rendered":"Vesele decembrske dogodiv\u0161\u010dine v skupini \u010cebelice"},"content":{"rendered":"","protected":true},"excerpt":{"rendered":"","protected":true},"author":4,"featured_media":0,"parent":0,"menu_order":0,"comment_status":"closed","ping_status":"closed","template":"","meta":{"footnotes":""},"_links":{"self":[{"href":"https:\/\/vrtec-sezana.si\/index.php?rest_route=\/wp\/v2\/pages\/19950"}],"collection":[{"href":"https:\/\/vrtec-sezana.si\/index.php?rest_route=\/wp\/v2\/pages"}],"about":[{"href":"https:\/\/vrtec-sezana.si\/index.php?rest_route=\/wp\/v2\/types\/page"}],"author":[{"embeddable":true,"href":"https:\/\/vrtec-sezana.si\/index.php?rest_route=\/wp\/v2\/users\/4"}],"replies":[{"embeddable":true,"href":"https:\/\/vrtec-sezana.si\/index.php?rest_route=%2Fwp%2Fv2%2Fcomments&post=19950"}],"version-history":[{"count":1,"href":"https:\/\/vrtec-sezana.si\/index.php?rest_route=\/wp\/v2\/pages\/19950\/revisions"}],"predecessor-version":[{"id":19965,"href":"https:\/\/vrtec-sezana.si\/index.php?rest_route=\/wp\/v2\/pages\/19950\/revisions\/19965"}],"wp:attachment":[{"href":"https:\/\/vrtec-sezana.si\/index.php?rest_route=%2Fwp%2Fv2%2Fmedia&parent=19950"}],"curies":[{"name":"wp","href":"https:\/\/api.w.org\/{rel}","templated":true}]}}