{"id":19732,"date":"2025-01-05T13:53:56","date_gmt":"2025-01-05T12:53:56","guid":{"rendered":"https:\/\/vrtec-sezana.si\/?page_id=19732"},"modified":"2025-01-05T13:56:06","modified_gmt":"2025-01-05T12:56:06","slug":"praznicni-december-v-senozecah","status":"publish","type":"page","link":"https:\/\/vrtec-sezana.si\/?page_id=19732","title":{"rendered":"Prazni\u010dni december v Seno\u017ee\u010dah"},"content":{"rendered":"","protected":true},"excerpt":{"rendered":"","protected":true},"author":24,"featured_media":19793,"parent":0,"menu_order":0,"comment_status":"closed","ping_status":"closed","template":"","meta":{"footnotes":""},"_links":{"self":[{"href":"https:\/\/vrtec-sezana.si\/index.php?rest_route=\/wp\/v2\/pages\/19732"}],"collection":[{"href":"https:\/\/vrtec-sezana.si\/index.php?rest_route=\/wp\/v2\/pages"}],"about":[{"href":"https:\/\/vrtec-sezana.si\/index.php?rest_route=\/wp\/v2\/types\/page"}],"author":[{"embeddable":true,"href":"https:\/\/vrtec-sezana.si\/index.php?rest_route=\/wp\/v2\/users\/24"}],"replies":[{"embeddable":true,"href":"https:\/\/vrtec-sezana.si\/index.php?rest_route=%2Fwp%2Fv2%2Fcomments&post=19732"}],"version-history":[{"count":2,"href":"https:\/\/vrtec-sezana.si\/index.php?rest_route=\/wp\/v2\/pages\/19732\/revisions"}],"predecessor-version":[{"id":19797,"href":"https:\/\/vrtec-sezana.si\/index.php?rest_route=\/wp\/v2\/pages\/19732\/revisions\/19797"}],"wp:featuredmedia":[{"embeddable":true,"href":"https:\/\/vrtec-sezana.si\/index.php?rest_route=\/wp\/v2\/media\/19793"}],"wp:attachment":[{"href":"https:\/\/vrtec-sezana.si\/index.php?rest_route=%2Fwp%2Fv2%2Fmedia&parent=19732"}],"curies":[{"name":"wp","href":"https:\/\/api.w.org\/{rel}","templated":true}]}}