{"id":168,"date":"2023-11-07T00:04:11","date_gmt":"2023-11-06T23:04:11","guid":{"rendered":"http:\/\/977.ablak.arnes.si\/?page_id=168"},"modified":"2024-12-27T17:59:14","modified_gmt":"2024-12-27T16:59:14","slug":"enota-lehte","status":"publish","type":"page","link":"https:\/\/vrtec-sezana.si\/?page_id=168","title":{"rendered":"Enota LEHTE"},"content":{"rendered":"\n<div class=\"wp-block-columns is-layout-flex wp-container-9 wp-block-columns-is-layout-flex\">\n<div class=\"wp-block-column is-layout-flow wp-block-column-is-layout-flow\" style=\"flex-basis:66.66%\">\n<div class=\"wp-block-columns is-layout-flex wp-container-2 wp-block-columns-is-layout-flex\">\n<div class=\"wp-block-column is-layout-flow wp-block-column-is-layout-flow\">\n<p><i class=\"fas fa-map-marker-alt\"><\/i> <strong>Regentova 1, 6210 Se\u017eana<\/strong><\/p>\n<\/div>\n<\/div>\n\n\n\n<figure class=\"wp-block-table is-style-regular has-medium-font-size\" style=\"line-height:1\"><table class=\"has-background\" style=\"background-color:#abb7c242\"><thead><tr><th><\/th><th>Stari del<\/th><th>Novi del<\/th><\/tr><\/thead><tbody><tr><td><i class=\"fas fa-phone-volume\"><\/i><\/td><td>+386 (0) 51 247 693<\/td><td>+386 (0) 51 277 488<br>+386 (0) 51 277 486<\/td><\/tr><tr><td><i class=\"fas fa-envelope\"><\/i><\/td><td>enota.lehte@guest.arnes.si<\/td><td>enota.lehte@guest.arnes.si<\/td><\/tr><tr><td><i class=\"fas fa-clock\"><\/i><\/td><td>6:30 do 16:30<\/td><td>6:15 do 16:30<\/td><\/tr><\/tbody><\/table><\/figure>\n\n\n\n<div class=\"wp-block-columns is-layout-flex wp-container-6 wp-block-columns-is-layout-flex\">\n<div class=\"wp-block-column is-layout-flow wp-block-column-is-layout-flow\" style=\"flex-basis:66.66%\">\n<p>Jasli so bile zgrajene iz ob\u010dinskega samoprispevka KS Se\u017eana in so bile za Se\u017eano pomembna pridobitev. Le\u017eijo v mirnej\u0161em delu Se\u017eane. Danes so jasli povezane z novim objektom \u2013 Lehte novi del.<br>Za vse nas je bila otvoritev novega vrtca v Se\u017eani pomemben dogodek. To je nov, sodoben vrtec in 26. 8. 2011 je bila v tej enoti sve\u010dana otvoritev. Vrtec, ki je novo lokacijo pridobil v Lehtah, je zgrajen po sodobnih standardih in ima 10 oddelkov, namenjenih otrokom prvega in drugega starostnega obdobja. Deset oddelkov z novo opremo, teraso in igri\u0161\u010dem, ki ustreza vsem normativom, je za otroke in zaposlene nekaj posebnega. V enoti Lehte se nahaja tudi oddelek prilagojenega programa. Skupaj v novem in starem delu Leht je v tem \u0161olskem letu 12 oddelkov.<br>Gre za enega lep\u0161ih in funkcionalnej\u0161ih vrtcev na Slovenskem. Kuhinja omogo\u010da pripravo obrokov hrane upo\u0161tevajo\u010d sodobne prehranske smernice in je namenjena distribuciji hrane tudi za vrtec na stari lokaciji (Ulica Jo\u017eeta Pahorja 1), enotama Povir in Lokev ter enotama Dutovlje in Tomaj.<\/p>\n\n\n\n<div class=\"wp-block-buttons is-layout-flex wp-block-buttons-is-layout-flex\">\n<div class=\"wp-block-button\"><a class=\"wp-block-button__link wp-element-button\" href=\"http:\/\/977.ablak.arnes.si\/?cat=6\">NOVICE<\/a><\/div>\n<\/div>\n<\/div>\n\n\n\n<div class=\"wp-block-column is-layout-flow wp-block-column-is-layout-flow\" style=\"flex-basis:33.33%\">\n<figure class=\"wp-block-image size-full\"><img decoding=\"async\" loading=\"lazy\" width=\"800\" height=\"600\" src=\"http:\/\/977.ablak.arnes.si\/wp-content\/uploads\/2023\/11\/OpisLehte.jpg\" alt=\"\" class=\"wp-image-169\" srcset=\"https:\/\/vrtec-sezana.si\/wp-content\/uploads\/2023\/11\/OpisLehte.jpg 800w, https:\/\/vrtec-sezana.si\/wp-content\/uploads\/2023\/11\/OpisLehte-300x225.jpg 300w, https:\/\/vrtec-sezana.si\/wp-content\/uploads\/2023\/11\/OpisLehte-768x576.jpg 768w\" sizes=\"(max-width: 800px) 100vw, 800px\" \/><\/figure>\n<\/div>\n<\/div>\n<\/div>\n\n\n\n<div class=\"wp-block-column is-layout-flow wp-block-column-is-layout-flow\" style=\"flex-basis:33.33%\">\n<p>FOTOGALERIJA<\/p>\n\n\n\n<hr class=\"wp-block-separator has-alpha-channel-opacity is-style-wide\"\/>\n\n\n<ul class=\"wp-block-latest-posts__list has-dates wp-block-latest-posts\"><li><div class=\"wp-block-latest-posts__featured-image\"><img loading=\"lazy\" width=\"150\" height=\"150\" src=\"https:\/\/vrtec-sezana.si\/wp-content\/uploads\/2026\/04\/IMG_9474-150x150.jpeg\" class=\"attachment-thumbnail size-thumbnail wp-post-image\" alt=\"\" decoding=\"async\" style=\"\" \/><\/div><a class=\"wp-block-latest-posts__post-title\" href=\"https:\/\/vrtec-sezana.si\/?p=35237\">Zdravnik na obisku v skupini Pikapolonice<\/a><time datetime=\"2026-04-07T20:50:52+01:00\" class=\"wp-block-latest-posts__post-date\">07.04.2026<\/time><\/li>\n<li><div class=\"wp-block-latest-posts__featured-image\"><img loading=\"lazy\" width=\"150\" height=\"150\" src=\"https:\/\/vrtec-sezana.si\/wp-content\/uploads\/2026\/04\/CamScanner-27.-3.-26-13.17n_1-150x150.jpg\" class=\"attachment-thumbnail size-thumbnail wp-post-image\" alt=\"\" decoding=\"async\" style=\"\" \/><\/div><a class=\"wp-block-latest-posts__post-title\" href=\"https:\/\/vrtec-sezana.si\/?p=35119\">Kdo je bil Sre\u010dko Kosovel?<\/a><time datetime=\"2026-04-02T18:19:43+01:00\" class=\"wp-block-latest-posts__post-date\">02.04.2026<\/time><\/li>\n<li><div class=\"wp-block-latest-posts__featured-image\"><img loading=\"lazy\" width=\"150\" height=\"150\" src=\"https:\/\/vrtec-sezana.si\/wp-content\/uploads\/2026\/04\/Naslovna-150x150.jpg\" class=\"attachment-thumbnail size-thumbnail wp-post-image\" alt=\"\" decoding=\"async\" style=\"\" \/><\/div><a class=\"wp-block-latest-posts__post-title\" href=\"https:\/\/vrtec-sezana.si\/?p=35092\">Kam gredo odpadki? Raziskovanje z otroki v vrtcu<\/a><time datetime=\"2026-04-02T12:30:37+01:00\" class=\"wp-block-latest-posts__post-date\">02.04.2026<\/time><\/li>\n<li><div class=\"wp-block-latest-posts__featured-image\"><img loading=\"lazy\" width=\"150\" height=\"150\" src=\"https:\/\/vrtec-sezana.si\/wp-content\/uploads\/2026\/03\/a538d163-ad25-451b-b05c-7bcf3300def1-1-150x150.jpg\" class=\"attachment-thumbnail size-thumbnail wp-post-image\" alt=\"\" decoding=\"async\" style=\"\" \/><\/div><a class=\"wp-block-latest-posts__post-title\" href=\"https:\/\/vrtec-sezana.si\/?p=34936\">Po poti Sre\u010dka Kosovela<\/a><time datetime=\"2026-03-31T14:44:38+01:00\" class=\"wp-block-latest-posts__post-date\">31.03.2026<\/time><\/li>\n<li><div class=\"wp-block-latest-posts__featured-image\"><img loading=\"lazy\" width=\"150\" height=\"150\" src=\"https:\/\/vrtec-sezana.si\/wp-content\/uploads\/2026\/02\/istockphoto-639895626-612x612-1-150x150.jpg\" class=\"attachment-thumbnail size-thumbnail wp-post-image\" alt=\"\" decoding=\"async\" style=\"\" \/><\/div><a class=\"wp-block-latest-posts__post-title\" href=\"https:\/\/vrtec-sezana.si\/?p=34106\">Pust v skupini Muce<\/a><time datetime=\"2026-02-26T19:57:13+01:00\" class=\"wp-block-latest-posts__post-date\">26.02.2026<\/time><\/li>\n<\/ul><\/div>\n<\/div>\n\n\n\n<iframe src=\"https:\/\/www.google.com\/maps\/embed?pb=!1m18!1m12!1m3!1d2786.2505232990884!2d13.87201627626182!3d45.70601077107902!2m3!1f0!2f0!3f0!3m2!1i1024!2i768!4f13.1!3m3!1m2!1s0x477b1578b5bce673%3A0x15cd33be6b55c6ac!2sRegentova%20ulica%201%2C%206210%20Se%C5%BEana!5e0!3m2!1ssl!2ssi!4v1699782589821!5m2!1ssl!2ssi\" width=\"800\" height=\"600\" style=\"border:0;\" allowfullscreen=\"\" loading=\"lazy\" referrerpolicy=\"no-referrer-when-downgrade\"><\/iframe>\n\n\n\n<p><\/p>\n","protected":false},"excerpt":{"rendered":"<p>Regentova 1, 6210 Se\u017eana Stari del Novi del +386 (0) 51 247 693 +386 (0) 51 277 488+386 (0) 51 277 486 enota.lehte@guest.arnes.si enota.lehte@guest.arnes.si 6:30 do 16:30 6:15 do 16:30 Jasli so bile zgrajene iz ob\u010dinskega samoprispevka KS Se\u017eana in so bile \u2026 <a href=\"https:\/\/vrtec-sezana.si\/?page_id=168\" rel=\"noopener noreferrer\">Preberi ve\u010d<\/a><\/p>\n","protected":false},"author":1,"featured_media":367,"parent":0,"menu_order":0,"comment_status":"closed","ping_status":"closed","template":"","meta":{"footnotes":""},"_links":{"self":[{"href":"https:\/\/vrtec-sezana.si\/index.php?rest_route=\/wp\/v2\/pages\/168"}],"collection":[{"href":"https:\/\/vrtec-sezana.si\/index.php?rest_route=\/wp\/v2\/pages"}],"about":[{"href":"https:\/\/vrtec-sezana.si\/index.php?rest_route=\/wp\/v2\/types\/page"}],"author":[{"embeddable":true,"href":"https:\/\/vrtec-sezana.si\/index.php?rest_route=\/wp\/v2\/users\/1"}],"replies":[{"embeddable":true,"href":"https:\/\/vrtec-sezana.si\/index.php?rest_route=%2Fwp%2Fv2%2Fcomments&post=168"}],"version-history":[{"count":35,"href":"https:\/\/vrtec-sezana.si\/index.php?rest_route=\/wp\/v2\/pages\/168\/revisions"}],"predecessor-version":[{"id":19488,"href":"https:\/\/vrtec-sezana.si\/index.php?rest_route=\/wp\/v2\/pages\/168\/revisions\/19488"}],"wp:featuredmedia":[{"embeddable":true,"href":"https:\/\/vrtec-sezana.si\/index.php?rest_route=\/wp\/v2\/media\/367"}],"wp:attachment":[{"href":"https:\/\/vrtec-sezana.si\/index.php?rest_route=%2Fwp%2Fv2%2Fmedia&parent=168"}],"curies":[{"name":"wp","href":"https:\/\/api.w.org\/{rel}","templated":true}]}}

<div class="wp-block-columns is-layout-flex wp-container-9 wp-block-columns-is-layout-flex">
<div class="wp-block-column is-layout-flow wp-block-column-is-layout-flow" style="flex-basis:66.66%">
<div class="wp-block-columns is-layout-flex wp-container-2 wp-block-columns-is-layout-flex">
<div class="wp-block-column is-layout-flow wp-block-column-is-layout-flow">
<p><i class="fas fa-map-marker-alt"></i> <strong>Regentova 1, 6210 Sežana</strong></p>
</div>
</div>



<figure class="wp-block-table is-style-regular has-medium-font-size" style="line-height:1"><table class="has-background" style="background-color:#abb7c242"><thead><tr><th></th><th>Stari del</th><th>Novi del</th></tr></thead><tbody><tr><td><i class="fas fa-phone-volume"></i></td><td>+386 (0) 51 247 693</td><td>+386 (0) 51 277 488<br>+386 (0) 51 277 486</td></tr><tr><td><i class="fas fa-envelope"></i></td><td>enota.lehte@guest.arnes.si</td><td>enota.lehte@guest.arnes.si</td></tr><tr><td><i class="fas fa-clock"></i></td><td>6:30 do 16:30</td><td>6:15 do 16:30</td></tr></tbody></table></figure>



<div class="wp-block-columns is-layout-flex wp-container-6 wp-block-columns-is-layout-flex">
<div class="wp-block-column is-layout-flow wp-block-column-is-layout-flow" style="flex-basis:66.66%">
<p>Jasli so bile zgrajene iz občinskega samoprispevka KS Sežana in so bile za Sežano pomembna pridobitev. Ležijo v mirnejšem delu Sežane. Danes so jasli povezane z novim objektom – Lehte novi del.<br>Za vse nas je bila otvoritev novega vrtca v Sežani pomemben dogodek. To je nov, sodoben vrtec in 26. 8. 2011 je bila v tej enoti svečana otvoritev. Vrtec, ki je novo lokacijo pridobil v Lehtah, je zgrajen po sodobnih standardih in ima 10 oddelkov, namenjenih otrokom prvega in drugega starostnega obdobja. Deset oddelkov z novo opremo, teraso in igriščem, ki ustreza vsem normativom, je za otroke in zaposlene nekaj posebnega. V enoti Lehte se nahaja tudi oddelek prilagojenega programa. Skupaj v novem in starem delu Leht je v tem šolskem letu 12 oddelkov.<br>Gre za enega lepših in funkcionalnejših vrtcev na Slovenskem. Kuhinja omogoča pripravo obrokov hrane upoštevajoč sodobne prehranske smernice in je namenjena distribuciji hrane tudi za vrtec na stari lokaciji (Ulica Jožeta Pahorja 1), enotama Povir in Lokev ter enotama Dutovlje in Tomaj.</p>



<div class="wp-block-buttons is-layout-flex wp-block-buttons-is-layout-flex">
<div class="wp-block-button"><a class="wp-block-button__link wp-element-button" href="http://977.ablak.arnes.si/?cat=6">NOVICE</a></div>
</div>
</div>



<div class="wp-block-column is-layout-flow wp-block-column-is-layout-flow" style="flex-basis:33.33%">
<figure class="wp-block-image size-full"><img decoding="async" loading="lazy" width="800" height="600" src="http://977.ablak.arnes.si/wp-content/uploads/2023/11/OpisLehte.jpg" alt="" class="wp-image-169" srcset="https://vrtec-sezana.si/wp-content/uploads/2023/11/OpisLehte.jpg 800w, https://vrtec-sezana.si/wp-content/uploads/2023/11/OpisLehte-300x225.jpg 300w, https://vrtec-sezana.si/wp-content/uploads/2023/11/OpisLehte-768x576.jpg 768w" sizes="(max-width: 800px) 100vw, 800px" /></figure>
</div>
</div>
</div>



<div class="wp-block-column is-layout-flow wp-block-column-is-layout-flow" style="flex-basis:33.33%">
<p>FOTOGALERIJA</p>



<hr class="wp-block-separator has-alpha-channel-opacity is-style-wide"/>


<ul class="wp-block-latest-posts__list has-dates wp-block-latest-posts"><li><div class="wp-block-latest-posts__featured-image"><img loading="lazy" width="150" height="150" src="https://vrtec-sezana.si/wp-content/uploads/2026/04/IMG_9474-150x150.jpeg" class="attachment-thumbnail size-thumbnail wp-post-image" alt="" decoding="async" style="" /></div><a class="wp-block-latest-posts__post-title" href="https://vrtec-sezana.si/?p=35237">Zdravnik na obisku v skupini Pikapolonice</a><time datetime="2026-04-07T20:50:52+01:00" class="wp-block-latest-posts__post-date">07.04.2026</time></li>
<li><div class="wp-block-latest-posts__featured-image"><img loading="lazy" width="150" height="150" src="https://vrtec-sezana.si/wp-content/uploads/2026/04/CamScanner-27.-3.-26-13.17n_1-150x150.jpg" class="attachment-thumbnail size-thumbnail wp-post-image" alt="" decoding="async" style="" /></div><a class="wp-block-latest-posts__post-title" href="https://vrtec-sezana.si/?p=35119">Kdo je bil Srečko Kosovel?</a><time datetime="2026-04-02T18:19:43+01:00" class="wp-block-latest-posts__post-date">02.04.2026</time></li>
<li><div class="wp-block-latest-posts__featured-image"><img loading="lazy" width="150" height="150" src="https://vrtec-sezana.si/wp-content/uploads/2026/04/Naslovna-150x150.jpg" class="attachment-thumbnail size-thumbnail wp-post-image" alt="" decoding="async" style="" /></div><a class="wp-block-latest-posts__post-title" href="https://vrtec-sezana.si/?p=35092">Kam gredo odpadki? Raziskovanje z otroki v vrtcu</a><time datetime="2026-04-02T12:30:37+01:00" class="wp-block-latest-posts__post-date">02.04.2026</time></li>
<li><div class="wp-block-latest-posts__featured-image"><img loading="lazy" width="150" height="150" src="https://vrtec-sezana.si/wp-content/uploads/2026/03/a538d163-ad25-451b-b05c-7bcf3300def1-1-150x150.jpg" class="attachment-thumbnail size-thumbnail wp-post-image" alt="" decoding="async" style="" /></div><a class="wp-block-latest-posts__post-title" href="https://vrtec-sezana.si/?p=34936">Po poti Srečka Kosovela</a><time datetime="2026-03-31T14:44:38+01:00" class="wp-block-latest-posts__post-date">31.03.2026</time></li>
<li><div class="wp-block-latest-posts__featured-image"><img loading="lazy" width="150" height="150" src="https://vrtec-sezana.si/wp-content/uploads/2026/02/istockphoto-639895626-612x612-1-150x150.jpg" class="attachment-thumbnail size-thumbnail wp-post-image" alt="" decoding="async" style="" /></div><a class="wp-block-latest-posts__post-title" href="https://vrtec-sezana.si/?p=34106">Pust v skupini Muce</a><time datetime="2026-02-26T19:57:13+01:00" class="wp-block-latest-posts__post-date">26.02.2026</time></li>
</ul></div>
</div>



<iframe src="https://www.google.com/maps/embed?pb=!1m18!1m12!1m3!1d2786.2505232990884!2d13.87201627626182!3d45.70601077107902!2m3!1f0!2f0!3f0!3m2!1i1024!2i768!4f13.1!3m3!1m2!1s0x477b1578b5bce673%3A0x15cd33be6b55c6ac!2sRegentova%20ulica%201%2C%206210%20Se%C5%BEana!5e0!3m2!1ssl!2ssi!4v1699782589821!5m2!1ssl!2ssi" width="800" height="600" style="border:0;" allowfullscreen="" loading="lazy" referrerpolicy="no-referrer-when-downgrade"></iframe>



<p></p>

<p>Regentova 1, 6210 Sežana Stari del Novi del +386 (0) 51 247 693 +386 (0) 51 277 488+386 (0) 51 277 486 enota.lehte@guest.arnes.si enota.lehte@guest.arnes.si 6:30 do 16:30 6:15 do 16:30 Jasli so bile zgrajene iz občinskega samoprispevka KS Sežana in so bile … <a href="https://vrtec-sezana.si/?page_id=168" rel="noopener noreferrer">Preberi več</a></p>
